Last updated on 2024-03-28 19:48:36 CET.
Flavor | Version | Tinstall | Tcheck | Ttotal | Status | Flags |
---|---|---|---|---|---|---|
r-devel-linux-x86_64-debian-clang | 1.0.0 | 14.45 | 147.57 | 162.02 | NOTE | |
r-devel-linux-x86_64-debian-gcc | 1.0.0 | 14.14 | 108.50 | 122.64 | NOTE | |
r-devel-linux-x86_64-fedora-clang | 1.0.0 | 204.05 | NOTE | |||
r-devel-linux-x86_64-fedora-gcc | 1.0.0 | 209.87 | NOTE | |||
r-devel-windows-x86_64 | 1.0.0 | 15.00 | 115.00 | 130.00 | NOTE | |
r-patched-linux-x86_64 | 1.0.0 | 11.18 | 136.90 | 148.08 | NOTE | |
r-release-linux-x86_64 | 1.0.0 | 11.84 | 143.84 | 155.68 | NOTE | |
r-release-macos-arm64 | 1.0.0 | 72.00 | NOTE | |||
r-release-macos-x86_64 | 1.0.0 | 110.00 | NOTE | |||
r-release-windows-x86_64 | 1.0.0 | 20.00 | 143.00 | 163.00 | NOTE | |
r-oldrel-macos-arm64 | 1.0.0 | 50.00 | OK | |||
r-oldrel-windows-x86_64 | 1.0.0 | 21.00 | 141.00 | 162.00 | OK |
Version: 1.0.0
Check: package subdirectories
Result: NOTE
Problems with news in ‘NEWS.md’:
No news entries found.
Flavors: r-devel-linux-x86_64-debian-clang, r-devel-linux-x86_64-debian-gcc, r-devel-linux-x86_64-fedora-clang, r-devel-linux-x86_64-fedora-gcc, r-devel-windows-x86_64, r-patched-linux-x86_64, r-release-linux-x86_64, r-release-macos-arm64, r-release-macos-x86_64, r-release-windows-x86_64