CRAN Package Check Results for Package memisc

Last updated on 2022-12-04 20:53:28 CET.

Flavor Version Tinstall Tcheck Ttotal Status Flags
r-devel-linux-x86_64-debian-clang 0.99.31.3 39.96 184.71 224.67 WARN
r-devel-linux-x86_64-debian-gcc 0.99.31.3 31.80 138.14 169.94 WARN
r-devel-linux-x86_64-fedora-clang 0.99.31.3 285.51 WARN
r-devel-linux-x86_64-fedora-gcc 0.99.31.3 280.99 WARN
r-devel-windows-x86_64 0.99.31.3 188.00 225.00 413.00 WARN
r-patched-linux-x86_64 0.99.31.3 40.23 171.15 211.38 OK
r-release-linux-x86_64 0.99.31.3 33.58 164.12 197.70 OK
r-release-macos-arm64 0.99.31.3 71.00 NOTE
r-release-macos-x86_64 0.99.31.3 88.00 NOTE
r-release-windows-x86_64 0.99.31.3 251.00 249.00 500.00 NOTE
r-oldrel-macos-arm64 0.99.31.3 64.00 NOTE
r-oldrel-macos-x86_64 0.99.31.3 92.00 NOTE
r-oldrel-windows-ix86+x86_64 0.99.31.3 70.00 236.00 306.00 NOTE

Check Details

Version: 0.99.31.3
Check: whether package can be installed
Result: WARN
    Found the following significant warnings:
     pspp-system-for-R.c:34:39: warning: a function declaration without a prototype is deprecated in all versions of C [-Wstrict-prototypes]
     pspp-system-for-R.c:1291:25: warning: a function declaration without a prototype is deprecated in all versions of C [-Wstrict-prototypes]
Flavors: r-devel-linux-x86_64-debian-clang, r-devel-linux-x86_64-fedora-clang

Version: 0.99.31.3
Check: whether package can be installed
Result: WARN
    Found the following significant warnings:
     pspp-system-for-R.c:34:1: warning: function declaration isn’t a prototype [-Wstrict-prototypes]
     pspp-system-for-R.c:1291:1: warning: function declaration isn’t a prototype [-Wstrict-prototypes]
Flavors: r-devel-linux-x86_64-debian-gcc, r-devel-linux-x86_64-fedora-gcc

Version: 0.99.31.3
Check: installed package size
Result: NOTE
     installed size is 5.3Mb
     sub-directories of 1Mb or more:
     R 1.4Mb
     doc 3.1Mb
Flavors: r-devel-linux-x86_64-fedora-clang, r-devel-windows-x86_64, r-release-macos-arm64, r-release-macos-x86_64, r-release-windows-x86_64, r-oldrel-macos-arm64, r-oldrel-macos-x86_64, r-oldrel-windows-ix86+x86_64

Version: 0.99.31.3
Check: whether package can be installed
Result: WARN
    Found the following significant warnings:
     pspp-system-for-R.c:411:18: warning: overflow in conversion from 'long long unsigned int' to 'long int' changes value from '18446744073709551612' to '-4' [-Woverflow]
Flavor: r-devel-windows-x86_64