Last updated on 2023-03-29 21:55:32 CEST.
Flavor | Version | Tinstall | Tcheck | Ttotal | Status | Flags |
---|---|---|---|---|---|---|
r-devel-linux-x86_64-debian-clang | 0.99.31.6 | 38.07 | 190.20 | 228.27 | OK | |
r-devel-linux-x86_64-debian-gcc | 0.99.31.6 | 29.90 | 138.35 | 168.25 | OK | |
r-devel-linux-x86_64-fedora-clang | 0.99.31.6 | 295.28 | NOTE | |||
r-devel-linux-x86_64-fedora-gcc | 0.99.31.6 | 283.06 | OK | |||
r-devel-windows-x86_64 | 0.99.31.6 | 264.00 | 0.00 | 264.00 | NOTE | |
r-patched-linux-x86_64 | 0.99.31.6 | 37.20 | 177.42 | 214.62 | OK | |
r-release-linux-x86_64 | 0.99.31.6 | 34.67 | 170.65 | 205.32 | OK | |
r-release-macos-arm64 | 0.99.31.6 | 65.00 | NOTE | |||
r-release-macos-x86_64 | 0.99.31.6 | 93.00 | NOTE | |||
r-release-windows-x86_64 | 0.99.31.6 | 214.00 | 225.00 | 439.00 | NOTE | |
r-oldrel-macos-arm64 | 0.99.31.6 | 67.00 | NOTE | |||
r-oldrel-macos-x86_64 | 0.99.31.6 | 95.00 | NOTE | |||
r-oldrel-windows-ix86+x86_64 | 0.99.31.6 | 71.00 | 236.00 | 307.00 | NOTE |
Version: 0.99.31.6
Check: installed package size
Result: NOTE
installed size is 5.3Mb
sub-directories of 1Mb or more:
R 1.4Mb
doc 3.1Mb
Flavors: r-devel-linux-x86_64-fedora-clang, r-devel-windows-x86_64, r-release-macos-arm64, r-release-macos-x86_64, r-release-windows-x86_64, r-oldrel-macos-arm64, r-oldrel-macos-x86_64, r-oldrel-windows-ix86+x86_64