Last updated on 2025-05-02 20:50:46 CEST.
Flavor | Version | Tinstall | Tcheck | Ttotal | Status | Flags |
---|---|---|---|---|---|---|
r-devel-linux-x86_64-debian-clang | 1.0.2 | 36.81 | 309.50 | 346.31 | NOTE | |
r-devel-linux-x86_64-debian-gcc | 1.0.2 | 24.30 | 201.30 | 225.60 | NOTE | |
r-devel-linux-x86_64-fedora-clang | 1.0.2 | 545.66 | NOTE | |||
r-devel-linux-x86_64-fedora-gcc | 1.0.2 | 547.31 | NOTE | |||
r-devel-windows-x86_64 | 1.0.2 | 32.00 | 247.00 | 279.00 | NOTE | |
r-patched-linux-x86_64 | 1.0.2 | 30.44 | 290.07 | 320.51 | NOTE | |
r-release-linux-x86_64 | NOTE | |||||
r-release-macos-arm64 | 1.0.2 | 134.00 | NOTE | |||
r-release-macos-x86_64 | 1.0.2 | 262.00 | NOTE | |||
r-release-windows-x86_64 | 1.0.2 | 33.00 | 257.00 | 290.00 | NOTE | |
r-oldrel-macos-arm64 | 1.0.2 | 120.00 | NOTE | |||
r-oldrel-macos-x86_64 | 1.0.2 | 320.00 | NOTE | |||
r-oldrel-windows-x86_64 | 1.0.2 | 43.00 | 339.00 | 382.00 | NOTE |
Version: 1.0.2
Check: CRAN incoming feasibility
Result: NOTE
Maintainer: ‘Paul Galpern <pgalpern@ucalgary.ca>’
No Authors@R field in DESCRIPTION.
Please add one, modifying
Authors@R: c(person(given = "Pedro",
family = "Peres-Neto",
role = "aut"),
person(given = "Paul",
family = "Galpern",
role = c("aut", "cre"),
email = "pgalpern@ucalgary.ca"))
as necessary.
Flavors: r-devel-linux-x86_64-debian-clang, r-devel-linux-x86_64-debian-gcc
Version: 1.0.2
Check: Rd files
Result: NOTE
checkRd: (-1) mgLandscape.Rd:79: Lost braces
79 | A code{$summary} table giving the results of the variation partitioning. The following table
| ^
Flavors: r-devel-linux-x86_64-debian-clang, r-devel-linux-x86_64-debian-gcc, r-devel-linux-x86_64-fedora-clang, r-devel-linux-x86_64-fedora-gcc, r-devel-windows-x86_64, r-patched-linux-x86_64, r-release-linux-x86_64, r-release-macos-arm64, r-release-macos-x86_64, r-release-windows-x86_64, r-oldrel-macos-arm64, r-oldrel-macos-x86_64, r-oldrel-windows-x86_64
Version: 1.0.2
Check: Rd cross-references
Result: NOTE
Found the following Rd file(s) with Rd \link{} targets missing package
anchors:
mgLandscape.Rd: raster
mgMap.Rd: ade4
Please provide package anchors for all Rd \link{} targets not in the
package itself and the base packages.
Flavors: r-devel-linux-x86_64-debian-clang, r-devel-linux-x86_64-debian-gcc, r-devel-windows-x86_64, r-patched-linux-x86_64, r-release-linux-x86_64, r-release-windows-x86_64