CRAN Package Check Results for Package meetupapi

Last updated on 2023-12-08 20:55:14 CET.

Flavor Version Tinstall Tcheck Ttotal Status Flags
r-devel-linux-x86_64-debian-clang 0.1.0 4.32 38.72 43.04 NOTE
r-devel-linux-x86_64-debian-gcc 0.1.0 3.70 29.47 33.17 NOTE
r-devel-linux-x86_64-fedora-clang 0.1.0 57.81 NOTE
r-devel-linux-x86_64-fedora-gcc 0.1.0 51.35 NOTE
r-devel-windows-x86_64 0.1.0 6.00 49.00 55.00 NOTE
r-patched-linux-x86_64 0.1.0 4.26 38.15 42.41 NOTE
r-release-linux-x86_64 0.1.0 3.68 37.79 41.47 NOTE
r-release-macos-arm64 0.1.0 23.00 NOTE
r-release-macos-x86_64 0.1.0 28.00 NOTE
r-release-windows-x86_64 0.1.0 7.00 52.00 59.00 NOTE
r-oldrel-macos-arm64 0.1.0 19.00 NOTE
r-oldrel-macos-x86_64 0.1.0 38.00 NOTE
r-oldrel-windows-x86_64 0.1.0 7.00 57.00 64.00 NOTE

Check Details

Version: 0.1.0
Check: LazyData
Result: NOTE 'LazyData' is specified without a 'data' directory Flavors: r-devel-linux-x86_64-debian-clang, r-devel-linux-x86_64-debian-gcc, r-devel-linux-x86_64-fedora-clang, r-devel-linux-x86_64-fedora-gcc, r-devel-windows-x86_64, r-patched-linux-x86_64, r-release-linux-x86_64, r-release-macos-arm64, r-release-macos-x86_64, r-release-windows-x86_64, r-oldrel-macos-arm64, r-oldrel-macos-x86_64, r-oldrel-windows-x86_64