CRAN Package Check Results for Package meerva

Last updated on 2023-06-08 21:52:11 CEST.

Flavor Version Tinstall Tcheck Ttotal Status Flags
r-devel-linux-x86_64-debian-clang 0.2-2 5.61 50.05 55.66 OK
r-devel-linux-x86_64-debian-gcc 0.2-2 4.83 37.90 42.73 OK
r-devel-linux-x86_64-fedora-clang 0.2-2 70.43 NOTE
r-devel-linux-x86_64-fedora-gcc 0.2-2 78.50 NOTE
r-devel-windows-x86_64 0.2-2 7.00 59.00 66.00 OK
r-patched-linux-x86_64 0.2-2 6.26 48.38 54.64 OK
r-release-linux-x86_64 0.2-2 3.45 47.81 51.26 OK
r-release-macos-arm64 0.2-2 32.00 OK
r-release-macos-x86_64 0.2-2 39.00 OK
r-release-windows-x86_64 0.2-2 8.00 64.00 72.00 OK
r-oldrel-macos-arm64 0.2-2 25.00 NOTE
r-oldrel-macos-x86_64 0.2-2 41.00 NOTE
r-oldrel-windows-x86_64 0.2-2 7.00 64.00 71.00 OK

Check Details

Version: 0.2-2
Check: dependencies in R code
Result: NOTE
    Namespace in Imports field not imported from: ‘dplyr’
     All declared Imports should be used.
Flavors: r-devel-linux-x86_64-fedora-clang, r-devel-linux-x86_64-fedora-gcc, r-oldrel-macos-arm64, r-oldrel-macos-x86_64