Last updated on 2023-11-29 19:54:12 CET.
Flavor | Version | Tinstall | Tcheck | Ttotal | Status | Flags |
---|---|---|---|---|---|---|
r-devel-linux-x86_64-debian-clang | 0.0.5 | 4.88 | 77.39 | 82.27 | NOTE | |
r-devel-linux-x86_64-debian-gcc | 0.0.5 | 4.10 | 54.82 | 58.92 | NOTE | |
r-devel-linux-x86_64-fedora-clang | 0.0.5 | 104.19 | NOTE | |||
r-devel-linux-x86_64-fedora-gcc | 0.0.5 | 104.66 | NOTE | |||
r-devel-windows-x86_64 | 0.0.5 | 6.00 | 96.00 | 102.00 | NOTE | |
r-patched-linux-x86_64 | 0.0.5 | 5.47 | 68.59 | 74.06 | NOTE | |
r-release-linux-x86_64 | 0.0.5 | 5.40 | 68.78 | 74.18 | NOTE | |
r-release-macos-arm64 | 0.0.5 | 64.00 | NOTE | |||
r-release-macos-x86_64 | 0.0.5 | 81.00 | NOTE | |||
r-release-windows-x86_64 | 0.0.5 | 8.00 | 106.00 | 114.00 | NOTE | |
r-oldrel-macos-arm64 | 0.0.5 | 90.00 | NOTE | |||
r-oldrel-macos-x86_64 | 0.0.5 | 88.00 | NOTE | |||
r-oldrel-windows-x86_64 | 0.0.5 | 8.00 | 121.00 | 129.00 | NOTE |
Version: 0.0.5
Check: LazyData
Result: NOTE
'LazyData' is specified without a 'data' directory
Flavors: r-devel-linux-x86_64-debian-clang, r-devel-linux-x86_64-debian-gcc, r-devel-linux-x86_64-fedora-clang, r-devel-linux-x86_64-fedora-gcc, r-devel-windows-x86_64, r-patched-linux-x86_64, r-release-linux-x86_64, r-release-macos-arm64, r-release-macos-x86_64, r-release-windows-x86_64, r-oldrel-macos-arm64, r-oldrel-macos-x86_64, r-oldrel-windows-x86_64
Version: 0.0.5
Check: dependencies in R code
Result: NOTE
Namespace in Imports field not imported from: ‘vroom’
All declared Imports should be used.
Flavors: r-devel-linux-x86_64-fedora-clang, r-devel-linux-x86_64-fedora-gcc, r-oldrel-macos-arm64, r-oldrel-macos-x86_64