Last updated on 2024-07-17 20:57:04 CEST.
Flavor | Version | Tinstall | Tcheck | Ttotal | Status | Flags |
---|---|---|---|---|---|---|
r-devel-linux-x86_64-debian-clang | 0.6-10 | 8.97 | 110.18 | 119.15 | OK | |
r-devel-linux-x86_64-debian-gcc | 0.6-10 | 8.14 | 82.40 | 90.54 | OK | |
r-devel-linux-x86_64-fedora-clang | 0.6-10 | 151.30 | OK | |||
r-devel-linux-x86_64-fedora-gcc | 0.6-10 | 167.81 | OK | |||
r-devel-windows-x86_64 | 0.6-10 | 10.00 | 130.00 | 140.00 | NOTE | |
r-patched-linux-x86_64 | 0.6-10 | 15.68 | 104.83 | 120.51 | OK | |
r-release-linux-x86_64 | 0.6-10 | 6.85 | 104.62 | 111.47 | OK | |
r-release-macos-arm64 | 0.6-10 | 53.00 | OK | |||
r-release-macos-x86_64 | 0.6-10 | 87.00 | OK | |||
r-release-windows-x86_64 | 0.6-10 | 10.00 | 130.00 | 140.00 | OK | |
r-oldrel-macos-arm64 | 0.6-10 | 55.00 | OK | |||
r-oldrel-macos-x86_64 | 0.6-10 | 133.00 | OK | |||
r-oldrel-windows-x86_64 | 0.6-10 | 12.00 | 137.00 | 149.00 | OK |
Version: 0.6-10
Check: Rd cross-references
Result: NOTE
Found the following Rd file(s) with Rd \link{} targets missing package
anchors:
neLht-methods.Rd: coef.glht
neLht.Rd: coef.glht
Please provide package anchors for all Rd \link{} targets not in the
package itself and the base packages.
Flavor: r-devel-windows-x86_64