Last updated on 2024-03-28 19:48:36 CET.
Flavor | Version | Tinstall | Tcheck | Ttotal | Status | Flags |
---|---|---|---|---|---|---|
r-devel-linux-x86_64-debian-clang | 3.2.0 | 525.68 | 288.65 | 814.33 | OK | |
r-devel-linux-x86_64-debian-gcc | 3.2.0 | 416.70 | 207.82 | 624.52 | OK | |
r-devel-linux-x86_64-fedora-clang | 3.2.0 | 1033.29 | NOTE | |||
r-devel-linux-x86_64-fedora-gcc | 3.2.0 | 1205.19 | OK | |||
r-devel-windows-x86_64 | 3.2.0 | 334.00 | 262.00 | 596.00 | OK | |
r-patched-linux-x86_64 | 3.2.0 | 446.76 | 278.16 | 724.92 | OK | |
r-release-linux-x86_64 | 3.2.0 | 362.52 | 276.13 | 638.65 | OK | |
r-release-macos-arm64 | 3.2.0 | 202.00 | NOTE | |||
r-release-macos-x86_64 | 3.2.0 | 332.00 | NOTE | |||
r-release-windows-x86_64 | 3.2.0 | 439.00 | 336.00 | 775.00 | OK | |
r-oldrel-macos-arm64 | 3.2.0 | 196.00 | NOTE | |||
r-oldrel-windows-x86_64 | 3.2.0 | 376.00 | 311.00 | 687.00 | OK |
Version: 3.2.0
Check: installed package size
Result: NOTE
installed size is 5.2Mb
sub-directories of 1Mb or more:
libs 4.0Mb
Flavors: r-devel-linux-x86_64-fedora-clang, r-release-macos-arm64, r-release-macos-x86_64, r-oldrel-macos-arm64