Last updated on 2024-08-15 20:48:20 CEST.
Flavor | Version | Tinstall | Tcheck | Ttotal | Status | Flags |
---|---|---|---|---|---|---|
r-devel-linux-x86_64-debian-clang | 0.3 | 2.55 | 23.81 | 26.36 | NOTE | |
r-devel-linux-x86_64-debian-gcc | 0.3 | 1.73 | 18.58 | 20.31 | NOTE | |
r-devel-linux-x86_64-fedora-clang | 0.3 | 42.06 | NOTE | |||
r-devel-linux-x86_64-fedora-gcc | 0.3 | 39.96 | NOTE | |||
r-devel-windows-x86_64 | 0.3 | 4.00 | 54.00 | 58.00 | NOTE | |
r-patched-linux-x86_64 | 0.3 | 2.96 | 22.54 | 25.50 | NOTE | |
r-release-linux-x86_64 | 0.3 | 1.97 | 22.65 | 24.62 | NOTE | |
r-release-macos-arm64 | 0.3 | 16.00 | NOTE | |||
r-release-macos-x86_64 | 0.3 | 24.00 | NOTE | |||
r-release-windows-x86_64 | 0.3 | 4.00 | 53.00 | 57.00 | NOTE | |
r-oldrel-macos-arm64 | 0.3 | 19.00 | NOTE | |||
r-oldrel-macos-x86_64 | 0.3 | 24.00 | NOTE | |||
r-oldrel-windows-x86_64 | 0.3 | 6.00 | 56.00 | 62.00 | NOTE |
Version: 0.3
Check: LazyData
Result: NOTE
'LazyData' is specified without a 'data' directory
Flavors: r-devel-linux-x86_64-debian-clang, r-devel-linux-x86_64-debian-gcc, r-devel-linux-x86_64-fedora-clang, r-devel-linux-x86_64-fedora-gcc, r-devel-windows-x86_64, r-patched-linux-x86_64, r-release-linux-x86_64, r-release-macos-arm64, r-release-macos-x86_64, r-release-windows-x86_64, r-oldrel-macos-arm64, r-oldrel-macos-x86_64, r-oldrel-windows-x86_64