CRAN Package Check Results for Package measuRing

Last updated on 2025-01-17 21:49:37 CET.

Flavor Version Tinstall Tcheck Ttotal Status Flags
r-devel-linux-x86_64-debian-clang 0.5 8.98 80.11 89.09 NOTE
r-devel-linux-x86_64-debian-gcc 0.5 6.23 57.01 63.24 NOTE
r-devel-linux-x86_64-fedora-clang 0.5 144.47 OK
r-devel-linux-x86_64-fedora-gcc 0.5 137.84 OK
r-devel-windows-x86_64 0.5 9.00 218.00 227.00 NOTE
r-patched-linux-x86_64 0.5 10.81 75.35 86.16 NOTE
r-release-linux-x86_64 0.5 7.89 75.59 83.48 NOTE
r-release-macos-arm64 0.5 39.00 NOTE
r-release-macos-x86_64 0.5 63.00 NOTE
r-release-windows-x86_64 0.5 10.00 97.00 107.00 NOTE
r-oldrel-macos-arm64 0.5 50.00 NOTE
r-oldrel-macos-x86_64 0.5 75.00 NOTE
r-oldrel-windows-x86_64 0.5 12.00 102.00 114.00 NOTE

Check Details

Version: 0.5
Check: Rd cross-references
Result: NOTE Found the following Rd file(s) with Rd \link{} targets missing package anchors: crossRings.Rd: dplR, corr.rwl.seg, ccf.series.rwl, spag.plot Please provide package anchors for all Rd \link{} targets not in the package itself and the base packages. Flavors: r-devel-linux-x86_64-debian-clang, r-devel-linux-x86_64-debian-gcc, r-devel-windows-x86_64

Version: 0.5
Check: LazyData
Result: NOTE 'LazyData' is specified without a 'data' directory Flavors: r-patched-linux-x86_64, r-release-linux-x86_64, r-release-macos-arm64, r-release-macos-x86_64, r-release-windows-x86_64, r-oldrel-macos-arm64, r-oldrel-macos-x86_64, r-oldrel-windows-x86_64