Last updated on 2023-09-22 20:51:58 CEST.
Flavor | Version | Tinstall | Tcheck | Ttotal | Status | Flags |
---|---|---|---|---|---|---|
r-devel-linux-x86_64-debian-clang | 2020.6-17 | 9.33 | 76.41 | 85.74 | NOTE | |
r-devel-linux-x86_64-debian-gcc | 2020.6-17 | 6.92 | 58.18 | 65.10 | NOTE | |
r-devel-linux-x86_64-fedora-clang | 2020.6-17 | 105.18 | NOTE | |||
r-devel-linux-x86_64-fedora-gcc | 2020.6-17 | 114.04 | NOTE | |||
r-devel-windows-x86_64 | 2020.6-17 | 9.00 | 73.00 | 82.00 | NOTE | |
r-patched-linux-x86_64 | 2020.6-17 | 9.19 | 75.84 | 85.03 | NOTE | |
r-release-linux-x86_64 | 2020.6-17 | 8.67 | 73.71 | 82.38 | NOTE | |
r-release-macos-arm64 | 2020.6-17 | 37.00 | NOTE | |||
r-release-macos-x86_64 | 2020.6-17 | 63.00 | NOTE | |||
r-release-windows-x86_64 | 2020.6-17 | 10.00 | 84.00 | 94.00 | NOTE | |
r-oldrel-macos-arm64 | 2020.6-17 | 36.00 | NOTE | |||
r-oldrel-macos-x86_64 | 2020.6-17 | 46.00 | NOTE | |||
r-oldrel-windows-x86_64 | 2020.6-17 | 10.00 | 88.00 | 98.00 | NOTE |
Version: 2020.6-17
Check: package dependencies
Result: NOTE
Package suggested but not available for checking: ‘MethylCapSig’
Flavors: r-devel-linux-x86_64-debian-clang, r-devel-linux-x86_64-debian-gcc, r-devel-linux-x86_64-fedora-clang, r-devel-linux-x86_64-fedora-gcc, r-devel-windows-x86_64, r-patched-linux-x86_64, r-release-linux-x86_64, r-release-macos-arm64, r-release-macos-x86_64, r-release-windows-x86_64, r-oldrel-windows-x86_64
Version: 2020.6-17
Check: LazyData
Result: NOTE
'LazyData' is specified without a 'data' directory
Flavors: r-devel-linux-x86_64-debian-clang, r-devel-linux-x86_64-debian-gcc, r-devel-linux-x86_64-fedora-clang, r-devel-linux-x86_64-fedora-gcc, r-devel-windows-x86_64, r-patched-linux-x86_64, r-release-linux-x86_64, r-release-macos-arm64, r-release-macos-x86_64, r-release-windows-x86_64, r-oldrel-macos-arm64, r-oldrel-macos-x86_64, r-oldrel-windows-x86_64