Last updated on 2025-11-22 19:50:35 CET.
| Flavor | Version | Tinstall | Tcheck | Ttotal | Status | Flags |
|---|---|---|---|---|---|---|
| r-devel-linux-x86_64-debian-clang | 0.1-3 | 2.03 | 24.28 | 26.31 | NOTE | |
| r-devel-linux-x86_64-debian-gcc | 0.1-3 | 1.50 | 19.40 | 20.90 | NOTE | |
| r-devel-linux-x86_64-fedora-clang | 0.1-3 | 38.77 | OK | |||
| r-devel-linux-x86_64-fedora-gcc | 0.1-3 | 36.03 | OK | |||
| r-devel-windows-x86_64 | 0.1-3 | 6.00 | 46.00 | 52.00 | OK | |
| r-patched-linux-x86_64 | 0.1-3 | 1.96 | 22.93 | 24.89 | OK | |
| r-release-linux-x86_64 | 0.1-3 | 1.81 | 22.93 | 24.74 | OK | |
| r-release-macos-arm64 | 0.1-3 | OK | ||||
| r-release-macos-x86_64 | 0.1-3 | 2.00 | 26.00 | 28.00 | OK | |
| r-release-windows-x86_64 | 0.1-3 | 3.00 | 58.00 | 61.00 | OK | |
| r-oldrel-macos-arm64 | 0.1-3 | OK | ||||
| r-oldrel-macos-x86_64 | 0.1-3 | 2.00 | 23.00 | 25.00 | OK | |
| r-oldrel-windows-x86_64 | 0.1-3 | 3.00 | 52.00 | 55.00 | OK |
Version: 0.1-3
Check: CRAN incoming feasibility
Result: NOTE
Maintainer: ‘Antonio Hermes M. da Silva-Junior <hermes@ccet.ufrn.br>’
Package CITATION file contains call(s) to old-style citEntry(). Please
use bibentry() instead.
Flavors: r-devel-linux-x86_64-debian-clang, r-devel-linux-x86_64-debian-gcc