Last updated on 2023-12-03 20:51:21 CET.
Flavor | Version | Tinstall | Tcheck | Ttotal | Status | Flags |
---|---|---|---|---|---|---|
r-devel-linux-x86_64-debian-clang | 1.0.8 | 7.96 | 83.09 | 91.05 | NOTE | |
r-devel-linux-x86_64-debian-gcc | 1.0.8 | 6.04 | 62.30 | 68.34 | NOTE | |
r-devel-linux-x86_64-fedora-clang | 1.0.8 | 114.09 | OK | |||
r-devel-linux-x86_64-fedora-gcc | 1.0.8 | 115.90 | OK | |||
r-devel-windows-x86_64 | 1.0.8 | 9.00 | 77.00 | 86.00 | OK | |
r-patched-linux-x86_64 | 1.0.8 | 6.65 | 78.19 | 84.84 | OK | |
r-release-linux-x86_64 | 1.0.8 | 7.41 | 78.33 | 85.74 | OK | |
r-release-macos-arm64 | 1.0.8 | 43.00 | OK | |||
r-release-macos-x86_64 | 1.0.8 | 73.00 | OK | |||
r-release-windows-x86_64 | 1.0.8 | 11.00 | 95.00 | 106.00 | OK | |
r-oldrel-macos-arm64 | 1.0.8 | 35.00 | OK | |||
r-oldrel-macos-x86_64 | 1.0.8 | 68.00 | OK | |||
r-oldrel-windows-x86_64 | 1.0.8 | 11.00 | 99.00 | 110.00 | OK |
Version: 1.0.8
Check: Rd files
Result: NOTE
checkRd: (-1) mcvis.Rd:32: Lost braces in \itemize; \value handles \item{}{} directly
checkRd: (-1) mcvis.Rd:33: Lost braces in \itemize; \value handles \item{}{} directly
checkRd: (-1) mcvis.Rd:34: Lost braces in \itemize; \value handles \item{}{} directly
Flavors: r-devel-linux-x86_64-debian-clang, r-devel-linux-x86_64-debian-gcc