Last updated on 2024-04-23 20:52:09 CEST.
Flavor | Version | Tinstall | Tcheck | Ttotal | Status | Flags |
---|---|---|---|---|---|---|
r-devel-linux-x86_64-debian-clang | 0.3.2 | 1.99 | 88.39 | 90.38 | NOTE | |
r-devel-linux-x86_64-debian-gcc | 0.3.2 | 1.97 | 61.46 | 63.43 | NOTE | |
r-devel-linux-x86_64-fedora-clang | 0.3.2 | 112.58 | NOTE | |||
r-devel-linux-x86_64-fedora-gcc | 0.3.2 | 120.85 | NOTE | |||
r-prerel-macos-arm64 | 0.3.2 | 40.00 | NOTE | |||
r-prerel-windows-x86_64 | 0.3.2 | 3.00 | 79.00 | 82.00 | NOTE | |
r-patched-linux-x86_64 | 0.3.2 | 1.88 | 83.27 | 85.15 | NOTE | |
r-release-linux-x86_64 | 0.3.2 | 1.63 | 88.01 | 89.64 | NOTE | |
r-release-macos-arm64 | 0.3.2 | 46.00 | NOTE | |||
r-release-macos-x86_64 | 0.3.2 | 72.00 | NOTE | |||
r-release-windows-x86_64 | 0.3.2 | 4.00 | 94.00 | 98.00 | NOTE | |
r-oldrel-macos-arm64 | 0.3.2 | 35.00 | OK | |||
r-oldrel-windows-x86_64 | 0.3.2 | 4.00 | 107.00 | 111.00 | OK |
Version: 0.3.2
Check: package subdirectories
Result: NOTE
Problems with news in ‘NEWS.md’:
Cannot extract version info from the following section titles:
Initial version.
Flavors: r-devel-linux-x86_64-debian-clang, r-devel-linux-x86_64-debian-gcc, r-devel-linux-x86_64-fedora-clang, r-devel-linux-x86_64-fedora-gcc, r-prerel-macos-arm64, r-prerel-windows-x86_64, r-patched-linux-x86_64, r-release-linux-x86_64, r-release-macos-arm64, r-release-macos-x86_64, r-release-windows-x86_64