Last updated on 2024-04-17 20:57:40 CEST.
Flavor | Version | Tinstall | Tcheck | Ttotal | Status | Flags |
---|---|---|---|---|---|---|
r-devel-linux-x86_64-debian-clang | 6.1 | 51.71 | 295.29 | 347.00 | OK | |
r-devel-linux-x86_64-debian-gcc | 6.1 | 29.38 | 185.11 | 214.49 | OK | |
r-devel-linux-x86_64-fedora-clang | 6.1 | 426.49 | NOTE | |||
r-devel-linux-x86_64-fedora-gcc | 6.1 | 388.58 | OK | |||
r-prerel-macos-arm64 | 6.1 | 93.00 | NOTE | |||
r-prerel-macos-x86_64 | 6.1 | 309.00 | NOTE | |||
r-prerel-windows-x86_64 | 6.1 | 39.00 | 248.00 | 287.00 | NOTE | |
r-patched-linux-x86_64 | 6.1 | 49.55 | 250.21 | 299.76 | OK | |
r-release-linux-x86_64 | 6.1 | 45.60 | 256.17 | 301.77 | OK | |
r-release-macos-arm64 | 6.1 | 130.00 | NOTE | |||
r-release-macos-x86_64 | 6.1 | 311.00 | NOTE | |||
r-release-windows-x86_64 | 6.1 | 35.00 | 289.00 | 324.00 | NOTE | |
r-oldrel-macos-arm64 | 6.1 | 127.00 | NOTE | |||
r-oldrel-windows-x86_64 | 6.1 | 52.00 | 282.00 | 334.00 | NOTE |
Version: 6.1
Check: installed package size
Result: NOTE
installed size is 5.3Mb
sub-directories of 1Mb or more:
doc 2.9Mb
Flavors: r-devel-linux-x86_64-fedora-clang, r-prerel-macos-arm64, r-prerel-macos-x86_64, r-prerel-windows-x86_64, r-release-macos-arm64, r-release-macos-x86_64, r-release-windows-x86_64, r-oldrel-macos-arm64, r-oldrel-windows-x86_64