Last updated on 2024-03-28 19:48:36 CET.
Flavor | Version | Tinstall | Tcheck | Ttotal | Status | Flags |
---|---|---|---|---|---|---|
r-devel-linux-x86_64-debian-clang | 0.2.7 | 33.20 | 123.74 | 156.94 | OK | |
r-devel-linux-x86_64-debian-gcc | 0.2.7 | 24.15 | 90.28 | 114.43 | OK | |
r-devel-linux-x86_64-fedora-clang | 0.2.7 | 195.71 | NOTE | |||
r-devel-linux-x86_64-fedora-gcc | 0.2.7 | 192.77 | OK | |||
r-devel-windows-x86_64 | 0.2.7 | 28.00 | 138.00 | 166.00 | OK | |
r-patched-linux-x86_64 | 0.2.7 | 23.76 | 119.89 | 143.65 | OK | |
r-release-linux-x86_64 | 0.2.7 | 20.69 | 118.34 | 139.03 | OK | |
r-release-macos-arm64 | 0.2.7 | 88.00 | OK | |||
r-release-macos-x86_64 | 0.2.7 | 139.00 | OK | |||
r-release-windows-x86_64 | 0.2.7 | 35.00 | 173.00 | 208.00 | OK | |
r-oldrel-macos-arm64 | 0.2.7 | 82.00 | OK | |||
r-oldrel-windows-x86_64 | 0.2.7 | 35.00 | 180.00 | 215.00 | OK |
Version: 0.2.7
Check: Rd cross-references
Result: NOTE
Undeclared package ‘NLP’ in Rd xrefs
Flavor: r-devel-linux-x86_64-fedora-clang