Last updated on 2025-05-03 21:51:23 CEST.
Flavor | Version | Tinstall | Tcheck | Ttotal | Status | Flags |
---|---|---|---|---|---|---|
r-devel-linux-x86_64-debian-clang | 0.4.3 | 14.77 | 124.33 | 139.10 | NOTE | |
r-devel-linux-x86_64-debian-gcc | 0.4.3 | 9.86 | 88.40 | 98.26 | NOTE | |
r-devel-linux-x86_64-fedora-clang | 0.4.3 | 213.33 | OK | |||
r-devel-linux-x86_64-fedora-gcc | 0.4.3 | 215.91 | OK | |||
r-devel-windows-x86_64 | 0.4.3 | 15.00 | 125.00 | 140.00 | NOTE | |
r-patched-linux-x86_64 | 0.4.3 | 12.88 | 112.58 | 125.46 | NOTE | |
r-release-linux-x86_64 | NOTE | |||||
r-release-macos-arm64 | 0.4.3 | 79.00 | OK | |||
r-release-macos-x86_64 | 0.4.3 | 157.00 | OK | |||
r-release-windows-x86_64 | 0.4.3 | 16.00 | 126.00 | 142.00 | NOTE | |
r-oldrel-macos-arm64 | 0.4.3 | 70.00 | OK | |||
r-oldrel-macos-x86_64 | 0.4.3 | 117.00 | OK | |||
r-oldrel-windows-x86_64 | 0.4.3 | 21.00 | 157.00 | 178.00 | OK |
Version: 0.4.3
Check: Rd cross-references
Result: NOTE
Found the following Rd file(s) with Rd \link{} targets missing package
anchors:
AuditorFitter.Rd: data.table
CVLearnerAuditorFitter.Rd: data.table
LearnerAuditorFitter.Rd: data.table
MCBoost.Rd: data.table
SubgroupAuditorFitter.Rd: data.table
SubpopAuditorFitter.Rd: data.table
mlr_pipeops_mcboost.Rd: R6Class, data.table, PipeOp, Learner
ppl_mcboost.Rd: Graph
Please provide package anchors for all Rd \link{} targets not in the
package itself and the base packages.
Flavors: r-devel-linux-x86_64-debian-clang, r-devel-linux-x86_64-debian-gcc, r-devel-windows-x86_64, r-patched-linux-x86_64, r-release-linux-x86_64, r-release-windows-x86_64