CRAN Package Check Results for Package mcMST

Last updated on 2023-01-30 20:55:50 CET.

Flavor Version Tinstall Tcheck Ttotal Status Flags
r-devel-linux-x86_64-debian-clang 1.0.1 16.46 163.74 180.20 NOTE
r-devel-linux-x86_64-debian-gcc 1.0.1 11.53 118.92 130.45 NOTE
r-devel-linux-x86_64-fedora-clang 1.0.1 219.69 NOTE
r-devel-linux-x86_64-fedora-gcc 1.0.1 222.37 NOTE
r-devel-windows-x86_64 1.0.1 33.00 192.00 225.00 NOTE
r-patched-linux-x86_64 1.0.1 18.30 173.15 191.45 NOTE
r-release-linux-x86_64 1.0.1 18.45 168.34 186.79 NOTE
r-release-macos-arm64 1.0.1 92.00 NOTE
r-release-macos-x86_64 1.0.1 177.00 NOTE
r-release-windows-x86_64 1.0.1 31.00 189.00 220.00 NOTE
r-oldrel-macos-arm64 1.0.1 139.00 NOTE
r-oldrel-macos-x86_64 1.0.1 142.00 NOTE
r-oldrel-windows-ix86+x86_64 1.0.1 35.00 174.00 209.00 NOTE

Check Details

Version: 1.0.1
Check: LazyData
Result: NOTE
     'LazyData' is specified without a 'data' directory
Flavors: r-devel-linux-x86_64-debian-clang, r-devel-linux-x86_64-debian-gcc, r-devel-linux-x86_64-fedora-clang, r-devel-linux-x86_64-fedora-gcc, r-devel-windows-x86_64, r-patched-linux-x86_64, r-release-linux-x86_64, r-release-macos-arm64, r-release-macos-x86_64, r-release-windows-x86_64, r-oldrel-macos-arm64, r-oldrel-macos-x86_64, r-oldrel-windows-ix86+x86_64

Version: 1.0.1
Check: dependencies in R code
Result: NOTE
    Namespaces in Imports field not imported from:
     ‘parallelMap’ ‘reshape2’
     All declared Imports should be used.
Flavors: r-devel-linux-x86_64-fedora-clang, r-devel-linux-x86_64-fedora-gcc, r-release-macos-arm64, r-release-macos-x86_64, r-oldrel-macos-arm64, r-oldrel-macos-x86_64