Last updated on 2025-05-06 20:50:45 CEST.
Flavor | Version | Tinstall | Tcheck | Ttotal | Status | Flags |
---|---|---|---|---|---|---|
r-devel-linux-x86_64-debian-clang | 0.12.1 | 1.73 | 17.54 | 19.27 | NOTE | |
r-devel-linux-x86_64-debian-gcc | 0.12.1 | 1.39 | 14.50 | 15.89 | NOTE | |
r-devel-linux-x86_64-fedora-clang | 0.12.1 | 30.04 | OK | |||
r-devel-linux-x86_64-fedora-gcc | 0.12.1 | 28.87 | OK | |||
r-devel-windows-x86_64 | 0.12.1 | 3.00 | 35.00 | 38.00 | OK | |
r-patched-linux-x86_64 | 0.12.1 | 1.80 | 17.10 | 18.90 | OK | |
r-release-linux-x86_64 | 0.12.1 | 1.75 | 16.88 | 18.63 | OK | |
r-release-macos-arm64 | 0.12.1 | 14.00 | OK | |||
r-release-macos-x86_64 | 0.12.1 | 21.00 | OK | |||
r-release-windows-x86_64 | 0.12.1 | 3.00 | 37.00 | 40.00 | OK | |
r-oldrel-macos-arm64 | 0.12.1 | 15.00 | OK | |||
r-oldrel-macos-x86_64 | 0.12.1 | 19.00 | OK | |||
r-oldrel-windows-x86_64 | 0.12.1 | 2.00 | 35.00 | 37.00 | OK |
Version: 0.12.1
Check: CRAN incoming feasibility
Result: NOTE
Maintainer: ‘Lukasz Komsta <lukasz.komsta@umlub.pl>’
No Authors@R field in DESCRIPTION.
Please add one, modifying
Authors@R: person(given = "Lukasz",
family = "Komsta",
role = c("aut", "cre"),
email = "lukasz.komsta@umlub.pl")
as necessary.
Flavors: r-devel-linux-x86_64-debian-clang, r-devel-linux-x86_64-debian-gcc