Last updated on 2023-06-08 21:52:11 CEST.
Flavor | Version | Tinstall | Tcheck | Ttotal | Status | Flags |
---|---|---|---|---|---|---|
r-devel-linux-x86_64-debian-clang | 0.6 | 12.10 | 212.32 | 224.42 | NOTE | |
r-devel-linux-x86_64-debian-gcc | 0.6 | 11.47 | 217.47 | 228.94 | NOTE | |
r-devel-linux-x86_64-fedora-clang | 0.6 | 275.30 | NOTE | |||
r-devel-linux-x86_64-fedora-gcc | 0.6 | 274.15 | NOTE | |||
r-devel-windows-x86_64 | 0.6 | 16.00 | 163.00 | 179.00 | NOTE | |
r-patched-linux-x86_64 | 0.6 | 18.25 | 210.94 | 229.19 | NOTE | |
r-release-linux-x86_64 | 0.6 | 10.85 | 204.81 | 215.66 | NOTE | |
r-release-macos-arm64 | 0.6 | 81.00 | NOTE | |||
r-release-macos-x86_64 | 0.6 | 136.00 | NOTE | |||
r-release-windows-x86_64 | 0.6 | 18.00 | 217.00 | 235.00 | NOTE | |
r-oldrel-macos-arm64 | 0.6 | 65.00 | NOTE | |||
r-oldrel-macos-x86_64 | 0.6 | 115.00 | NOTE | |||
r-oldrel-windows-x86_64 | 0.6 | 19.00 | 223.00 | 242.00 | NOTE |
Version: 0.6
Check: LazyData
Result: NOTE
'LazyData' is specified without a 'data' directory
Flavors: r-devel-linux-x86_64-debian-clang, r-devel-linux-x86_64-debian-gcc, r-devel-linux-x86_64-fedora-clang, r-devel-linux-x86_64-fedora-gcc, r-devel-windows-x86_64, r-patched-linux-x86_64, r-release-linux-x86_64, r-release-macos-arm64, r-release-macos-x86_64, r-release-windows-x86_64, r-oldrel-macos-arm64, r-oldrel-macos-x86_64, r-oldrel-windows-x86_64
Version: 0.6
Check: Rd cross-references
Result: NOTE
Undeclared packages ‘logistf’, ‘brglm’ in Rd xrefs
Flavor: r-devel-linux-x86_64-fedora-clang