Last updated on 2024-04-25 20:48:28 CEST.
Flavor | Version | Tinstall | Tcheck | Ttotal | Status | Flags |
---|---|---|---|---|---|---|
r-devel-linux-x86_64-debian-clang | 0.6 | 10.98 | 295.25 | 306.23 | NOTE | |
r-devel-linux-x86_64-debian-gcc | 0.6 | 11.20 | 211.57 | 222.77 | NOTE | |
r-devel-linux-x86_64-fedora-clang | 0.6 | 361.54 | NOTE | |||
r-devel-linux-x86_64-fedora-gcc | 0.6 | 346.50 | NOTE | |||
r-devel-windows-x86_64 | 0.6 | 14.00 | 204.00 | 218.00 | NOTE | |
r-patched-linux-x86_64 | 0.6 | 18.78 | 273.37 | 292.15 | NOTE | |
r-release-linux-x86_64 | 0.6 | 13.04 | 276.48 | 289.52 | NOTE | |
r-release-macos-arm64 | 0.6 | 89.00 | NOTE | |||
r-release-windows-x86_64 | 0.6 | 13.00 | 205.00 | 218.00 | NOTE | |
r-oldrel-macos-arm64 | 0.6 | 81.00 | NOTE | |||
r-oldrel-macos-x86_64 | 0.6 | 136.00 | NOTE | |||
r-oldrel-windows-x86_64 | 0.6 | 18.00 | 280.00 | 298.00 | NOTE |
Version: 0.6
Check: LazyData
Result: NOTE
'LazyData' is specified without a 'data' directory
Flavors: r-devel-linux-x86_64-debian-clang, r-devel-linux-x86_64-debian-gcc, r-devel-linux-x86_64-fedora-clang, r-devel-linux-x86_64-fedora-gcc, r-devel-windows-x86_64, r-patched-linux-x86_64, r-release-linux-x86_64, r-release-macos-arm64, r-release-windows-x86_64, r-oldrel-macos-arm64, r-oldrel-macos-x86_64, r-oldrel-windows-x86_64
Version: 0.6
Check: Rd cross-references
Result: NOTE
Undeclared packages ‘logistf’, ‘brglm’ in Rd xrefs
Flavor: r-devel-linux-x86_64-fedora-clang