Last updated on 2025-11-16 01:49:20 CET.
| Flavor | Version | Tinstall | Tcheck | Ttotal | Status | Flags |
|---|---|---|---|---|---|---|
| r-devel-linux-x86_64-debian-clang | 0.1.0 | 5.18 | 86.96 | 92.14 | OK | |
| r-devel-linux-x86_64-debian-gcc | 0.1.0 | 3.93 | 59.74 | 63.67 | ERROR | |
| r-devel-linux-x86_64-fedora-clang | 0.1.0 | 17.00 | 130.77 | 147.77 | ERROR | |
| r-devel-linux-x86_64-fedora-gcc | 0.1.0 | 19.00 | 153.98 | 172.98 | ERROR | |
| r-devel-windows-x86_64 | 0.1.0 | 10.00 | 96.00 | 106.00 | OK | |
| r-patched-linux-x86_64 | 0.1.0 | 5.33 | 82.51 | 87.84 | OK | |
| r-release-linux-x86_64 | 0.1.0 | 5.00 | 81.42 | 86.42 | ERROR | |
| r-release-macos-arm64 | 0.1.0 | 2.00 | 51.00 | 53.00 | OK | |
| r-release-macos-x86_64 | 0.1.0 | 4.00 | 93.00 | 97.00 | OK | |
| r-release-windows-x86_64 | 0.1.0 | 8.00 | 96.00 | 104.00 | OK | |
| r-oldrel-macos-arm64 | 0.1.0 | 2.00 | 51.00 | 53.00 | OK | |
| r-oldrel-macos-x86_64 | 0.1.0 | 4.00 | 78.00 | 82.00 | OK | |
| r-oldrel-windows-x86_64 | 0.1.0 | 11.00 | 120.00 | 131.00 | OK |
Version: 0.1.0
Check: tests
Result: ERROR
Running ‘testthat.R’ [21s/24s]
Running the tests in ‘tests/testthat.R’ failed.
Complete output:
> # This file is part of the standard setup for testthat.
> # It is recommended that you do not modify it.
> #
> # Where should you do additional test configuration?
> # Learn more about the roles of various files in:
> # * https://r-pkgs.org/testing-design.html#sec-tests-files-overview
> # * https://testthat.r-lib.org/articles/special-files.html
>
> library(testthat)
> library(mbbe)
>
> test_check("mbbe")
Saving _problems/test-check_requirements-52.R
[ FAIL 1 | WARN 0 | SKIP 0 | PASS 11 ]
══ Failed tests ════════════════════════════════════════════════════════════════
── Error ('test-check_requirements.R:39:3'): check_requirements works ──────────
<lifecycle_error_deprecated/defunctError/rlang_error/error/condition>
Error: `with_mock()` was deprecated in testthat 3.2.0 and is now defunct.
ℹ Please use `with_mocked_bindings()` instead.
Backtrace:
▆
1. └─testthat::with_mock(...) at test-check_requirements.R:39:3
2. └─lifecycle::deprecate_stop("3.2.0", "with_mock()", "with_mocked_bindings()")
3. └─lifecycle:::deprecate_stop0(msg)
4. └─rlang::cnd_signal(...)
[ FAIL 1 | WARN 0 | SKIP 0 | PASS 11 ]
Error:
! Test failures.
Execution halted
Flavor: r-devel-linux-x86_64-debian-gcc
Version: 0.1.0
Check: tests
Result: ERROR
Running ‘testthat.R’ [60s/105s]
Running the tests in ‘tests/testthat.R’ failed.
Complete output:
> # This file is part of the standard setup for testthat.
> # It is recommended that you do not modify it.
> #
> # Where should you do additional test configuration?
> # Learn more about the roles of various files in:
> # * https://r-pkgs.org/testing-design.html#sec-tests-files-overview
> # * https://testthat.r-lib.org/articles/special-files.html
>
> library(testthat)
> library(mbbe)
>
> test_check("mbbe")
Saving _problems/test-check_requirements-52.R
[ FAIL 1 | WARN 0 | SKIP 0 | PASS 11 ]
══ Failed tests ════════════════════════════════════════════════════════════════
── Error ('test-check_requirements.R:39:3'): check_requirements works ──────────
<lifecycle_error_deprecated/defunctError/rlang_error/error/condition>
Error: `with_mock()` was deprecated in testthat 3.2.0 and is now defunct.
ℹ Please use `with_mocked_bindings()` instead.
Backtrace:
▆
1. └─testthat::with_mock(...) at test-check_requirements.R:39:3
2. └─lifecycle::deprecate_stop("3.2.0", "with_mock()", "with_mocked_bindings()")
3. └─lifecycle:::deprecate_stop0(msg)
4. └─rlang::cnd_signal(...)
[ FAIL 1 | WARN 0 | SKIP 0 | PASS 11 ]
Error:
! Test failures.
Execution halted
Flavor: r-devel-linux-x86_64-fedora-clang
Version: 0.1.0
Check: for detritus in the temp directory
Result: NOTE
Found the following files/directories:
‘RtmpetVZXZQEYRchk’
Flavor: r-devel-linux-x86_64-fedora-clang
Version: 0.1.0
Check: tests
Result: ERROR
Running ‘testthat.R’ [68s/212s]
Running the tests in ‘tests/testthat.R’ failed.
Complete output:
> # This file is part of the standard setup for testthat.
> # It is recommended that you do not modify it.
> #
> # Where should you do additional test configuration?
> # Learn more about the roles of various files in:
> # * https://r-pkgs.org/testing-design.html#sec-tests-files-overview
> # * https://testthat.r-lib.org/articles/special-files.html
>
> library(testthat)
> library(mbbe)
>
> test_check("mbbe")
Saving _problems/test-check_requirements-52.R
[ FAIL 1 | WARN 0 | SKIP 0 | PASS 11 ]
══ Failed tests ════════════════════════════════════════════════════════════════
── Error ('test-check_requirements.R:39:3'): check_requirements works ──────────
<lifecycle_error_deprecated/defunctError/rlang_error/error/condition>
Error: `with_mock()` was deprecated in testthat 3.2.0 and is now defunct.
ℹ Please use `with_mocked_bindings()` instead.
Backtrace:
▆
1. └─testthat::with_mock(...) at test-check_requirements.R:39:3
2. └─lifecycle::deprecate_stop("3.2.0", "with_mock()", "with_mocked_bindings()")
3. └─lifecycle:::deprecate_stop0(msg)
4. └─rlang::cnd_signal(...)
[ FAIL 1 | WARN 0 | SKIP 0 | PASS 11 ]
Error:
! Test failures.
Execution halted
Flavor: r-devel-linux-x86_64-fedora-gcc
Version: 0.1.0
Check: for detritus in the temp directory
Result: NOTE
Found the following files/directories:
‘Rtmp0YIPSqVNDNchk’
Flavor: r-devel-linux-x86_64-fedora-gcc
Version: 0.1.0
Check: tests
Result: ERROR
Running ‘testthat.R’ [35s/46s]
Running the tests in ‘tests/testthat.R’ failed.
Complete output:
> # This file is part of the standard setup for testthat.
> # It is recommended that you do not modify it.
> #
> # Where should you do additional test configuration?
> # Learn more about the roles of various files in:
> # * https://r-pkgs.org/testing-design.html#sec-tests-files-overview
> # * https://testthat.r-lib.org/articles/special-files.html
>
> library(testthat)
> library(mbbe)
>
> test_check("mbbe")
Saving _problems/test-check_requirements-52.R
[ FAIL 1 | WARN 0 | SKIP 0 | PASS 11 ]
══ Failed tests ════════════════════════════════════════════════════════════════
── Error ('test-check_requirements.R:39:3'): check_requirements works ──────────
<lifecycle_error_deprecated/defunctError/rlang_error/error/condition>
Error: `with_mock()` was deprecated in testthat 3.2.0 and is now defunct.
ℹ Please use `with_mocked_bindings()` instead.
Backtrace:
▆
1. └─testthat::with_mock(...) at test-check_requirements.R:39:3
2. └─lifecycle::deprecate_stop("3.2.0", "with_mock()", "with_mocked_bindings()")
3. └─lifecycle:::deprecate_stop0(msg)
4. └─rlang::cnd_signal(...)
[ FAIL 1 | WARN 0 | SKIP 0 | PASS 11 ]
Error:
! Test failures.
Execution halted
Flavor: r-release-linux-x86_64