CRAN Package Check Results for Package maxmatching

Last updated on 2025-11-23 20:48:53 CET.

Flavor Version Tinstall Tcheck Ttotal Status Flags
r-devel-linux-x86_64-debian-clang 0.1.0 3.41 28.90 32.31 NOTE
r-devel-linux-x86_64-debian-gcc 0.1.0 2.38 22.11 24.49 NOTE
r-devel-linux-x86_64-fedora-clang 0.1.0 49.56 OK
r-devel-linux-x86_64-fedora-gcc 0.1.0 47.00 OK
r-devel-windows-x86_64 0.1.0 6.00 44.00 50.00 OK
r-patched-linux-x86_64 0.1.0 3.31 27.61 30.92 OK
r-release-linux-x86_64 0.1.0 3.57 27.56 31.13 OK
r-release-macos-arm64 0.1.0 OK
r-release-macos-x86_64 0.1.0 3.00 30.00 33.00 OK
r-release-windows-x86_64 0.1.0 5.00 51.00 56.00 OK
r-oldrel-macos-arm64 0.1.0 NOTE
r-oldrel-macos-x86_64 0.1.0 3.00 23.00 26.00 NOTE
r-oldrel-windows-x86_64 0.1.0 6.00 51.00 57.00 NOTE

Check Details

Version: 0.1.0
Check: CRAN incoming feasibility
Result: NOTE Maintainer: ‘Bowen Deng <baolidakai@gmail.com>’ No Authors@R field in DESCRIPTION. Please add one, modifying Authors@R: person(given = "Bowen", family = "Deng", role = c("aut", "cre"), email = "baolidakai@gmail.com") as necessary. Flavors: r-devel-linux-x86_64-debian-clang, r-devel-linux-x86_64-debian-gcc

Version: 0.1.0
Check: LazyData
Result: NOTE 'LazyData' is specified without a 'data' directory Flavors: r-oldrel-macos-arm64, r-oldrel-macos-x86_64, r-oldrel-windows-x86_64