CRAN Package Check Results for Package matchmaker

Last updated on 2023-03-21 19:57:16 CET.

Flavor Version Tinstall Tcheck Ttotal Status Flags
r-devel-linux-x86_64-debian-clang 0.1.1 3.27 41.44 44.71 NOTE
r-devel-linux-x86_64-debian-gcc 0.1.1 2.94 32.82 35.76 NOTE
r-devel-linux-x86_64-fedora-clang 0.1.1 57.92 NOTE
r-devel-linux-x86_64-fedora-gcc 0.1.1 66.77 NOTE
r-patched-linux-x86_64 0.1.1 2.82 42.76 45.58 NOTE
r-release-linux-x86_64 0.1.1 3.34 42.80 46.14 NOTE
r-release-macos-arm64 0.1.1 24.00 NOTE
r-release-macos-x86_64 0.1.1 29.00 NOTE
r-release-windows-x86_64 0.1.1 16.00 75.00 91.00 NOTE
r-oldrel-macos-arm64 0.1.1 24.00 NOTE
r-oldrel-macos-x86_64 0.1.1 29.00 NOTE
r-oldrel-windows-ix86+x86_64 0.1.1 8.00 68.00 76.00 NOTE

Check Details

Version: 0.1.1
Check: LazyData
Result: NOTE
     'LazyData' is specified without a 'data' directory
Flavors: r-devel-linux-x86_64-debian-clang, r-devel-linux-x86_64-debian-gcc, r-devel-linux-x86_64-fedora-clang, r-devel-linux-x86_64-fedora-gcc, r-patched-linux-x86_64, r-release-linux-x86_64, r-release-macos-arm64, r-release-macos-x86_64, r-release-windows-x86_64, r-oldrel-macos-arm64, r-oldrel-macos-x86_64, r-oldrel-windows-ix86+x86_64