Last updated on 2024-03-27 19:56:56 CET.
Flavor | Version | Tinstall | Tcheck | Ttotal | Status | Flags |
---|---|---|---|---|---|---|
r-devel-linux-x86_64-debian-clang | 1.1.12 | 12.95 | 139.65 | 152.60 | NOTE | |
r-devel-linux-x86_64-debian-gcc | 1.1.12 | 10.30 | 105.58 | 115.88 | NOTE | |
r-devel-linux-x86_64-fedora-clang | 1.1.12 | 192.77 | NOTE | |||
r-devel-linux-x86_64-fedora-gcc | 1.1.12 | 204.93 | NOTE | |||
r-devel-windows-x86_64 | 1.1.12 | 13.00 | 135.00 | 148.00 | NOTE | |
r-patched-linux-x86_64 | 1.1.12 | 12.85 | 137.36 | 150.21 | NOTE | |
r-release-linux-x86_64 | 1.1.12 | 12.84 | 133.56 | 146.40 | NOTE | |
r-release-macos-arm64 | 1.1.12 | 59.00 | NOTE | |||
r-release-macos-x86_64 | 1.1.12 | 165.00 | NOTE | |||
r-release-windows-x86_64 | 1.1.12 | 17.00 | 152.00 | 169.00 | NOTE | |
r-oldrel-macos-arm64 | 1.1.12 | 58.00 | NOTE | |||
r-oldrel-windows-x86_64 | 1.1.12 | 17.00 | 164.00 | 181.00 | NOTE |
Version: 1.1.12
Check: package dependencies
Result: NOTE
Package suggested but not available for checking: ‘rrelaxiv’
Flavors: r-devel-linux-x86_64-debian-clang, r-devel-linux-x86_64-debian-gcc, r-devel-linux-x86_64-fedora-clang, r-devel-linux-x86_64-fedora-gcc, r-devel-windows-x86_64, r-patched-linux-x86_64, r-release-linux-x86_64, r-release-macos-arm64, r-release-macos-x86_64, r-release-windows-x86_64, r-oldrel-macos-arm64, r-oldrel-windows-x86_64
Version: 1.1.12
Check: Rd files
Result: NOTE
checkRd: (-1) matchMulti-package.Rd:75: Lost braces
75 | c("\\Sexpr[results=rd,stage=build]{tools:::Rd_package_author(\"#1\")}",
| ^
checkRd: (-1) matchMulti-package.Rd:79: Lost braces
79 | c("\\Sexpr[results=rd,stage=build]{tools:::Rd_package_maintainer(\"#1\")}",
| ^
Flavors: r-devel-linux-x86_64-debian-clang, r-devel-linux-x86_64-debian-gcc, r-devel-linux-x86_64-fedora-clang, r-devel-linux-x86_64-fedora-gcc, r-devel-windows-x86_64