Last updated on 2025-07-03 20:50:41 CEST.
Flavor | Version | Tinstall | Tcheck | Ttotal | Status | Flags |
---|---|---|---|---|---|---|
r-devel-linux-x86_64-debian-clang | 2.3 | 57.94 | 126.59 | 184.53 | NOTE | |
r-devel-linux-x86_64-debian-gcc | 2.3 | 36.84 | 80.99 | 117.83 | NOTE | |
r-devel-linux-x86_64-fedora-clang | 2.3 | 340.58 | OK | |||
r-devel-linux-x86_64-fedora-gcc | 2.3 | 316.60 | OK | |||
r-devel-windows-x86_64 | 2.3 | 58.00 | 127.00 | 185.00 | OK | |
r-patched-linux-x86_64 | 2.3 | 59.68 | 116.40 | 176.08 | OK | |
r-release-linux-x86_64 | 2.3 | 53.91 | 117.68 | 171.59 | OK | |
r-release-macos-arm64 | 2.3 | 88.00 | OK | |||
r-release-macos-x86_64 | 2.3 | 155.00 | OK | |||
r-release-windows-x86_64 | 2.3 | 60.00 | 128.00 | 188.00 | OK | |
r-oldrel-macos-arm64 | 2.3 | 69.00 | OK | |||
r-oldrel-macos-x86_64 | 2.3 | 119.00 | OK | |||
r-oldrel-windows-x86_64 | 2.3 | 74.00 | 170.00 | 244.00 | OK |
Version: 2.3
Check: CRAN incoming feasibility
Result: NOTE
Maintainer: ‘James S. Clark <jimclark@duke.edu>’
No Authors@R field in DESCRIPTION.
Please add one, modifying
Authors@R: person(given = c("James", "S."),
family = "Clark",
role = c("aut", "cre"),
email = "jimclark@duke.edu")
as necessary.
Flavors: r-devel-linux-x86_64-debian-clang, r-devel-linux-x86_64-debian-gcc