Last updated on 2023-01-26 19:49:31 CET.
Flavor | Version | Tinstall | Tcheck | Ttotal | Status | Flags |
---|---|---|---|---|---|---|
r-devel-linux-x86_64-debian-clang | 1.0.1 | 68.60 | 130.94 | 199.54 | NOTE | |
r-devel-linux-x86_64-debian-gcc | 1.0.1 | 51.60 | 93.16 | 144.76 | NOTE | |
r-devel-linux-x86_64-fedora-clang | 1.0.1 | 260.87 | NOTE | |||
r-devel-linux-x86_64-fedora-gcc | 1.0.1 | 263.82 | NOTE | |||
r-patched-linux-x86_64 | 1.0.1 | 60.29 | 123.26 | 183.55 | NOTE | |
r-release-linux-x86_64 | 1.0.1 | 60.45 | 123.80 | 184.25 | NOTE | |
r-release-macos-arm64 | 1.0.1 | 56.00 | NOTE | |||
r-release-macos-x86_64 | 1.0.1 | 74.00 | NOTE | |||
r-release-windows-x86_64 | 1.0.1 | 68.00 | 156.00 | 224.00 | NOTE | |
r-oldrel-macos-arm64 | 1.0.1 | 67.00 | NOTE | |||
r-oldrel-macos-x86_64 | 1.0.1 | 83.00 | NOTE | |||
r-oldrel-windows-ix86+x86_64 | 1.0.1 | 133.00 | 168.00 | 301.00 | NOTE |
Version: 1.0.1
Check: LazyData
Result: NOTE
'LazyData' is specified without a 'data' directory
Flavors: r-devel-linux-x86_64-debian-clang, r-devel-linux-x86_64-debian-gcc, r-devel-linux-x86_64-fedora-clang, r-devel-linux-x86_64-fedora-gcc, r-patched-linux-x86_64, r-release-linux-x86_64, r-release-macos-arm64, r-release-macos-x86_64, r-release-windows-x86_64, r-oldrel-macos-arm64, r-oldrel-macos-x86_64, r-oldrel-windows-ix86+x86_64
Version: 1.0.1
Check: C++ specification
Result: NOTE
Specified C++11: please update to current default of C++17
Flavor: r-devel-linux-x86_64-fedora-gcc