CRAN Package Check Results for Package mashr

Last updated on 2023-06-06 21:00:57 CEST.

Flavor Version Tinstall Tcheck Ttotal Status Flags
r-devel-linux-x86_64-debian-clang 0.2.69 77.73 335.36 413.09 NOTE
r-devel-linux-x86_64-debian-gcc 0.2.69 59.11 245.61 304.72 NOTE
r-devel-linux-x86_64-fedora-clang 0.2.69 501.61 NOTE
r-devel-linux-x86_64-fedora-gcc 0.2.69 511.02 NOTE
r-devel-windows-x86_64 0.2.69 65.00 282.00 347.00 NOTE
r-patched-linux-x86_64 0.2.69 62.19 319.14 381.33 NOTE
r-release-linux-x86_64 0.2.69 67.22 317.98 385.20 NOTE
r-release-macos-arm64 0.2.69 181.00 NOTE
r-release-macos-x86_64 0.2.69 286.00 NOTE
r-release-windows-x86_64 0.2.69 78.00 367.00 445.00 NOTE
r-oldrel-macos-arm64 0.2.69 161.00 NOTE
r-oldrel-macos-x86_64 0.2.69 182.00 NOTE
r-oldrel-windows-x86_64 0.2.69 68.00 348.00 416.00 NOTE

Check Details

Version: 0.2.69
Check: package dependencies
Result: NOTE
    Package suggested but not available for checking: ‘flashier’
Flavors: r-devel-linux-x86_64-debian-clang, r-devel-linux-x86_64-debian-gcc, r-devel-linux-x86_64-fedora-clang, r-devel-linux-x86_64-fedora-gcc, r-devel-windows-x86_64, r-patched-linux-x86_64, r-release-linux-x86_64, r-release-macos-arm64, r-release-macos-x86_64, r-release-windows-x86_64, r-oldrel-macos-arm64, r-oldrel-macos-x86_64, r-oldrel-windows-x86_64

Version: 0.2.69
Check: C++ specification
Result: NOTE
     Specified C++11: please drop specification unless essential
Flavors: r-devel-linux-x86_64-debian-clang, r-devel-linux-x86_64-debian-gcc, r-devel-linux-x86_64-fedora-clang, r-devel-linux-x86_64-fedora-gcc, r-devel-windows-x86_64, r-patched-linux-x86_64, r-release-linux-x86_64, r-release-macos-arm64, r-release-macos-x86_64, r-release-windows-x86_64

Version: 0.2.69
Check: dependencies in R code
Result: NOTE
    Namespace in Imports field not imported from: ‘softImpute’
     All declared Imports should be used.
Flavors: r-devel-linux-x86_64-fedora-clang, r-devel-linux-x86_64-fedora-gcc, r-oldrel-macos-arm64, r-oldrel-macos-x86_64

Version: 0.2.69
Check: installed package size
Result: NOTE
     installed size is 8.7Mb
     sub-directories of 1Mb or more:
     libs 7.7Mb
Flavors: r-release-macos-arm64, r-release-macos-x86_64, r-oldrel-macos-arm64, r-oldrel-macos-x86_64