Last updated on 2024-03-28 19:48:36 CET.
Flavor | Version | Tinstall | Tcheck | Ttotal | Status | Flags |
---|---|---|---|---|---|---|
r-devel-linux-x86_64-debian-clang | 0.1.5.2 | 77.33 | 108.50 | 185.83 | OK | |
r-devel-linux-x86_64-debian-gcc | 0.1.5.2 | 64.84 | 87.69 | 152.53 | OK | |
r-devel-linux-x86_64-fedora-clang | 0.1.5.2 | 266.34 | OK | |||
r-devel-linux-x86_64-fedora-gcc | 0.1.5.2 | 273.53 | OK | |||
r-devel-windows-x86_64 | 0.1.5.2 | 59.00 | 113.00 | 172.00 | OK | |
r-patched-linux-x86_64 | 0.1.5.2 | 60.46 | 111.37 | 171.83 | OK | |
r-release-linux-x86_64 | 0.1.5.2 | 65.16 | 116.44 | 181.60 | OK | |
r-release-macos-arm64 | 0.1.5.2 | 68.00 | NOTE | |||
r-release-macos-x86_64 | 0.1.5.2 | 114.00 | NOTE | |||
r-release-windows-x86_64 | 0.1.5.2 | 77.00 | 140.00 | 217.00 | OK | |
r-oldrel-macos-arm64 | 0.1.5.2 | 64.00 | NOTE | |||
r-oldrel-windows-x86_64 | 0.1.5.2 | 72.00 | 139.00 | 211.00 | OK |
Version: 0.1.5.2
Check: installed package size
Result: NOTE
installed size is 8.6Mb
sub-directories of 1Mb or more:
libs 8.3Mb
Flavors: r-release-macos-arm64, r-release-macos-x86_64, r-oldrel-macos-arm64