Last updated on 2024-04-24 20:54:12 CEST.
Flavor | Version | Tinstall | Tcheck | Ttotal | Status | Flags |
---|---|---|---|---|---|---|
r-devel-linux-x86_64-debian-clang | 0.3 | 103.91 | 33.78 | 137.69 | OK | |
r-devel-linux-x86_64-debian-gcc | 0.3 | 101.80 | 32.67 | 134.47 | OK | |
r-devel-linux-x86_64-fedora-clang | 0.3 | 178.45 | OK | |||
r-devel-linux-x86_64-fedora-gcc | 0.3 | 236.19 | OK | |||
r-devel-windows-x86_64 | 0.3 | 79.00 | 66.00 | 145.00 | OK | |
r-patched-linux-x86_64 | 0.3 | 118.23 | 41.52 | 159.75 | OK | |
r-release-linux-x86_64 | 0.3 | 120.76 | 40.44 | 161.20 | OK | |
r-release-macos-arm64 | 0.3 | 56.00 | NOTE | |||
r-release-macos-x86_64 | 0.3 | 151.00 | NOTE | |||
r-release-windows-x86_64 | 0.3 | 74.00 | 70.00 | 144.00 | OK | |
r-oldrel-macos-arm64 | 0.3 | 55.00 | NOTE | |||
r-oldrel-macos-x86_64 | 0.3 | 131.00 | NOTE | |||
r-oldrel-windows-x86_64 | 0.3 | 105.00 | 78.00 | 183.00 | OK |
Version: 0.3
Check: installed package size
Result: NOTE
installed size is 49.1Mb
sub-directories of 1Mb or more:
libs 48.8Mb
Flavors: r-release-macos-arm64, r-release-macos-x86_64, r-oldrel-macos-arm64, r-oldrel-macos-x86_64