Last updated on 2023-12-03 20:51:20 CET.
Flavor | Version | Tinstall | Tcheck | Ttotal | Status | Flags |
---|---|---|---|---|---|---|
r-devel-linux-x86_64-debian-clang | 0.1.2 | 25.12 | 61.36 | 86.48 | WARN | |
r-devel-linux-x86_64-debian-gcc | 0.1.2 | 16.30 | 45.44 | 61.74 | OK | |
r-devel-linux-x86_64-fedora-clang | 0.1.3 | 113.75 | OK | |||
r-devel-linux-x86_64-fedora-gcc | 0.1.3 | 106.74 | OK | |||
r-devel-windows-x86_64 | 0.1.2 | 22.00 | 89.00 | 111.00 | OK | |
r-patched-linux-x86_64 | 0.1.2 | 16.20 | 56.90 | 73.10 | OK | |
r-release-linux-x86_64 | 0.1.3 | 14.26 | 56.47 | 70.73 | OK | |
r-release-macos-arm64 | 0.1.3 | 36.00 | OK | |||
r-release-macos-x86_64 | 0.1.3 | 79.00 | OK | |||
r-release-windows-x86_64 | 0.1.3 | 19.00 | 102.00 | 121.00 | OK | |
r-oldrel-macos-arm64 | 0.1.3 | 36.00 | OK | |||
r-oldrel-macos-x86_64 | 0.1.2 | 49.00 | OK | |||
r-oldrel-windows-x86_64 | 0.1.2 | 24.00 | 100.00 | 124.00 | OK |
Version: 0.1.2
Check: whether package can be installed
Result: WARN
Found the following significant warnings:
RcppExports.cpp:46:18: warning: format string is not a string literal (potentially insecure) [-Wformat-security]
RcppExports.cpp:81:18: warning: format string is not a string literal (potentially insecure) [-Wformat-security]
See ‘/home/hornik/tmp/R.check/r-devel-clang/Work/PKGS/markovmix.Rcheck/00install.out’ for details.
* used C++ compiler: ‘Debian clang version 17.0.5 (1)’
Flavor: r-devel-linux-x86_64-debian-clang