Last updated on 2024-04-23 20:52:09 CEST.
Flavor | Version | Tinstall | Tcheck | Ttotal | Status | Flags |
---|---|---|---|---|---|---|
r-devel-linux-x86_64-debian-clang | 1.1.5 | 86.42 | 281.41 | 367.83 | OK | |
r-devel-linux-x86_64-debian-gcc | 1.1.5 | 71.06 | 206.07 | 277.13 | OK | |
r-devel-linux-x86_64-fedora-clang | 1.1.5 | 470.99 | OK | |||
r-devel-linux-x86_64-fedora-gcc | 1.1.5 | 465.96 | OK | |||
r-prerel-macos-arm64 | 1.1.5 | 150.00 | NOTE | |||
r-prerel-macos-x86_64 | 1.1.5 | 358.00 | NOTE | |||
r-prerel-windows-x86_64 | 1.1.5 | 64.00 | 285.00 | 349.00 | OK | |
r-patched-linux-x86_64 | 1.1.5 | 83.33 | 275.69 | 359.02 | OK | |
r-release-linux-x86_64 | 1.1.5 | 85.60 | 267.56 | 353.16 | OK | |
r-release-macos-arm64 | 1.1.5 | 143.00 | NOTE | |||
r-release-macos-x86_64 | 1.1.5 | 322.00 | NOTE | |||
r-release-windows-x86_64 | 1.1.5 | 84.00 | 362.00 | 446.00 | OK | |
r-oldrel-macos-arm64 | 1.1.5 | 151.00 | NOTE | |||
r-oldrel-windows-x86_64 | 1.1.5 | 84.00 | 362.00 | 446.00 | OK |
Version: 1.1.5
Check: installed package size
Result: NOTE
installed size is 5.3Mb
sub-directories of 1Mb or more:
libs 3.4Mb
Flavors: r-prerel-macos-arm64, r-prerel-macos-x86_64, r-release-macos-arm64, r-release-macos-x86_64, r-oldrel-macos-arm64