Last updated on 2024-04-16 21:50:34 CEST.
Flavor | Version | Tinstall | Tcheck | Ttotal | Status | Flags |
---|---|---|---|---|---|---|
r-devel-linux-x86_64-debian-clang | 0.19.0 | 42.54 | 137.50 | 180.04 | OK | |
r-devel-linux-x86_64-debian-gcc | 0.19.0 | 28.00 | 100.23 | 128.23 | OK | |
r-devel-linux-x86_64-fedora-clang | 0.19.0 | 230.53 | OK | |||
r-devel-linux-x86_64-fedora-gcc | 0.19.0 | 223.57 | OK | |||
r-prerel-macos-arm64 | 0.19.0 | 54.00 | OK | |||
r-prerel-macos-x86_64 | 0.19.0 | 161.00 | OK | |||
r-prerel-windows-x86_64 | 0.19.0 | 30.00 | 134.00 | 164.00 | OK | |
r-patched-linux-x86_64 | 0.18.0 | 41.15 | 124.78 | 165.93 | OK | |
r-release-linux-x86_64 | 0.18.0 | 36.83 | 130.06 | 166.89 | NOTE | |
r-release-macos-arm64 | 0.19.0 | 58.00 | OK | |||
r-release-macos-x86_64 | 0.19.0 | 143.00 | OK | |||
r-release-windows-x86_64 | 0.19.0 | 36.00 | 162.00 | 198.00 | OK | |
r-oldrel-macos-arm64 | 0.19.0 | 54.00 | OK | |||
r-oldrel-windows-x86_64 | 0.18.0 | 38.00 | 145.00 | 183.00 | OK |
Version: 0.18.0
Check: package dependencies
Result: NOTE
Packages suggested but not available for checking:
'margins', 'mhurdle', 'prediction'
Flavor: r-release-linux-x86_64