Last updated on 2024-03-27 19:56:56 CET.
Flavor | Version | Tinstall | Tcheck | Ttotal | Status | Flags |
---|---|---|---|---|---|---|
r-devel-linux-x86_64-debian-clang | 0.1.4 | 52.24 | 156.68 | 208.92 | OK | |
r-devel-linux-x86_64-debian-gcc | 0.1.4 | 46.20 | 120.18 | 166.38 | OK | |
r-devel-linux-x86_64-fedora-clang | 0.1.4 | 266.77 | NOTE | |||
r-devel-linux-x86_64-fedora-gcc | 0.1.4 | 260.54 | NOTE | |||
r-devel-windows-x86_64 | 0.1.4 | 44.00 | 118.00 | 162.00 | OK | |
r-patched-linux-x86_64 | 0.1.4 | 39.68 | 157.67 | 197.35 | OK | |
r-release-linux-x86_64 | 0.1.4 | 36.65 | 153.46 | 190.11 | OK | |
r-release-macos-arm64 | 0.1.4 | 86.00 | OK | |||
r-release-macos-x86_64 | 0.1.4 | 112.00 | OK | |||
r-release-windows-x86_64 | 0.1.4 | 57.00 | 143.00 | 200.00 | OK | |
r-oldrel-macos-arm64 | 0.1.4 | 84.00 | NOTE | |||
r-oldrel-windows-x86_64 | 0.1.4 | 61.00 | 164.00 | 225.00 | OK |
Version: 0.1.4
Check: data for non-ASCII characters
Result: NOTE
Note: found 5210 marked UTF-8 strings
Flavors: r-devel-linux-x86_64-fedora-clang, r-devel-linux-x86_64-fedora-gcc, r-oldrel-macos-arm64