CRAN Package Check Results for Package maptree

Last updated on 2025-05-03 21:51:23 CEST.

Flavor Version Tinstall Tcheck Ttotal Status Flags
r-devel-linux-x86_64-debian-clang 1.4-8 2.74 25.93 28.67 NOTE
r-devel-linux-x86_64-debian-gcc 1.4-8 2.10 20.88 22.98 NOTE
r-devel-linux-x86_64-fedora-clang 1.4-8 44.40 OK
r-devel-linux-x86_64-fedora-gcc 1.4-8 43.16 OK
r-devel-windows-x86_64 1.4-8 4.00 57.00 61.00 NOTE
r-patched-linux-x86_64 1.4-8 3.11 25.12 28.23 NOTE
r-release-linux-x86_64 NOTE
r-release-macos-arm64 1.4-8 18.00 OK
r-release-macos-x86_64 1.4-8 29.00 OK
r-release-windows-x86_64 1.4-8 5.00 50.00 55.00 NOTE
r-oldrel-macos-arm64 1.4-8 22.00 OK
r-oldrel-macos-x86_64 1.4-8 25.00 OK
r-oldrel-windows-x86_64 1.4-8 7.00 53.00 60.00 OK

Check Details

Version: 1.4-8
Check: CRAN incoming feasibility
Result: NOTE Maintainer: ‘Robert B. Gramacy <rbg@vt.edu>’ No Authors@R field in DESCRIPTION. Please add one, modifying Authors@R: c(person(given = "Denis", family = "White", role = "aut"), person(given = c("Robert", "B."), family = "Gramacy", role = c("aut", "cre"), email = "rbg@vt.edu")) as necessary. Flavors: r-devel-linux-x86_64-debian-clang, r-devel-linux-x86_64-debian-gcc

Version: 1.4-8
Check: Rd cross-references
Result: NOTE Found the following Rd file(s) with Rd \link{} targets missing package anchors: clip.rpart.Rd: rpart, prune.rpart draw.clust.Rd: pltree Please provide package anchors for all Rd \link{} targets not in the package itself and the base packages. Flavors: r-devel-linux-x86_64-debian-clang, r-devel-linux-x86_64-debian-gcc, r-devel-windows-x86_64, r-patched-linux-x86_64, r-release-linux-x86_64, r-release-windows-x86_64