Last updated on 2023-01-27 20:49:15 CET.
Flavor | Version | Tinstall | Tcheck | Ttotal | Status | Flags |
---|---|---|---|---|---|---|
r-devel-linux-x86_64-debian-clang | 0.0.6 | 49.13 | 79.67 | 128.80 | OK | |
r-devel-linux-x86_64-debian-gcc | 0.0.6 | 36.97 | 59.27 | 96.24 | NOTE | |
r-devel-linux-x86_64-fedora-clang | 0.0.6 | 181.50 | OK | |||
r-devel-linux-x86_64-fedora-gcc | 0.0.6 | 179.97 | NOTE | |||
r-devel-windows-x86_64 | 0.0.6 | 58.00 | 125.00 | 183.00 | OK | |
r-patched-linux-x86_64 | 0.0.6 | 40.89 | 76.35 | 117.24 | OK | |
r-release-linux-x86_64 | 0.0.6 | 38.47 | 75.93 | 114.40 | OK | |
r-release-macos-arm64 | 0.0.6 | 42.00 | NOTE | |||
r-release-macos-x86_64 | 0.0.6 | 62.00 | NOTE | |||
r-release-windows-x86_64 | 0.0.6 | 53.00 | 136.00 | 189.00 | OK | |
r-oldrel-macos-arm64 | 0.0.6 | 61.00 | NOTE | |||
r-oldrel-macos-x86_64 | 0.0.6 | 62.00 | NOTE | |||
r-oldrel-windows-ix86+x86_64 | 0.0.6 | 115.00 | 154.00 | 269.00 | NOTE |
Version: 0.0.6
Check: C++ specification
Result: NOTE
Specified C++11: please update to current default of C++17
Flavors: r-devel-linux-x86_64-debian-gcc, r-devel-linux-x86_64-fedora-gcc
Version: 0.0.6
Check: installed package size
Result: NOTE
installed size is 5.5Mb
sub-directories of 1Mb or more:
doc 2.8Mb
libs 2.0Mb
Flavors: r-release-macos-arm64, r-release-macos-x86_64, r-oldrel-macos-arm64, r-oldrel-macos-x86_64, r-oldrel-windows-ix86+x86_64