Last updated on 2024-04-19 20:56:42 CEST.
Flavor | Version | Tinstall | Tcheck | Ttotal | Status | Flags |
---|---|---|---|---|---|---|
r-devel-linux-x86_64-debian-clang | 0.3.5 | 265.87 | 72.11 | 337.98 | NOTE | |
r-devel-linux-x86_64-debian-gcc | 0.3.5 | NOTE | ||||
r-devel-linux-x86_64-fedora-clang | 0.3.5 | 443.22 | NOTE | |||
r-devel-linux-x86_64-fedora-gcc | 0.3.5 | 557.36 | NOTE | |||
r-prerel-macos-arm64 | 0.3.5 | 114.00 | NOTE | |||
r-prerel-macos-x86_64 | 0.3.5 | 147.00 | NOTE | |||
r-prerel-windows-x86_64 | 0.3.5 | 220.00 | 116.00 | 336.00 | NOTE | |
r-patched-linux-x86_64 | 0.3.5 | 281.62 | 71.06 | 352.68 | NOTE | |
r-release-linux-x86_64 | 0.3.5 | 287.06 | 69.16 | 356.22 | NOTE | |
r-release-macos-arm64 | 0.3.5 | 130.00 | NOTE | |||
r-release-macos-x86_64 | 0.3.5 | 127.00 | NOTE | |||
r-release-windows-x86_64 | 0.3.5 | 259.00 | 136.00 | 395.00 | NOTE | |
r-oldrel-macos-arm64 | 0.3.5 | 122.00 | NOTE | |||
r-oldrel-windows-x86_64 | 0.3.5 | 244.00 | 124.00 | 368.00 | NOTE |
Version: 0.3.5
Check: C++ specification
Result: NOTE
Specified C++14: please drop specification unless essential
Flavors: r-devel-linux-x86_64-debian-clang, r-devel-linux-x86_64-debian-gcc, r-devel-linux-x86_64-fedora-clang, r-devel-linux-x86_64-fedora-gcc, r-prerel-macos-arm64, r-prerel-macos-x86_64, r-prerel-windows-x86_64, r-patched-linux-x86_64, r-release-linux-x86_64, r-release-macos-arm64, r-release-macos-x86_64, r-release-windows-x86_64
Version: 0.3.5
Check: installed package size
Result: NOTE
installed size is 9.3Mb
sub-directories of 1Mb or more:
data 1.3Mb
doc 1.6Mb
htmlwidgets 3.6Mb
libs 2.4Mb
Flavors: r-devel-linux-x86_64-fedora-clang, r-prerel-macos-arm64, r-prerel-macos-x86_64, r-prerel-windows-x86_64, r-release-macos-arm64, r-release-macos-x86_64, r-release-windows-x86_64, r-oldrel-macos-arm64, r-oldrel-windows-x86_64