Last updated on 2025-05-03 21:51:23 CEST.
Flavor | Version | Tinstall | Tcheck | Ttotal | Status | Flags |
---|---|---|---|---|---|---|
r-devel-linux-x86_64-debian-clang | 0.10.0 | 11.14 | 167.69 | 178.83 | NOTE | |
r-devel-linux-x86_64-debian-gcc | 0.10.0 | 7.57 | 113.18 | 120.75 | NOTE | |
r-devel-linux-x86_64-fedora-clang | 0.10.0 | 277.33 | NOTE | |||
r-devel-linux-x86_64-fedora-gcc | 0.10.0 | 280.73 | NOTE | |||
r-devel-windows-x86_64 | 0.10.0 | 12.00 | 192.00 | 204.00 | NOTE | |
r-patched-linux-x86_64 | 0.10.0 | 10.63 | 150.33 | 160.96 | NOTE | |
r-release-linux-x86_64 | NOTE | |||||
r-release-macos-arm64 | 0.10.0 | 75.00 | NOTE | |||
r-release-macos-x86_64 | 0.10.0 | 157.00 | OK | |||
r-release-windows-x86_64 | 0.10.0 | 12.00 | 184.00 | 196.00 | NOTE | |
r-oldrel-macos-arm64 | 0.10.0 | 76.00 | OK | |||
r-oldrel-macos-x86_64 | 0.10.0 | 112.00 | OK | |||
r-oldrel-windows-x86_64 | 0.10.0 | 16.00 | 244.00 | 260.00 | OK |
Version: 0.10.0
Check: DESCRIPTION meta-information
Result: NOTE
Missing dependency on R >= 4.1.0 because package code uses the pipe
|> or function shorthand \(...) syntax added in R 4.1.0.
File(s) using such syntax:
‘model_averaging.Rd’
Flavors: r-devel-linux-x86_64-debian-clang, r-devel-linux-x86_64-debian-gcc, r-devel-linux-x86_64-fedora-clang, r-devel-linux-x86_64-fedora-gcc, r-devel-windows-x86_64, r-patched-linux-x86_64, r-release-linux-x86_64, r-release-macos-arm64, r-release-windows-x86_64