Last updated on 2023-01-31 20:53:02 CET.
Flavor | Version | Tinstall | Tcheck | Ttotal | Status | Flags |
---|---|---|---|---|---|---|
r-devel-linux-x86_64-debian-clang | 0.8.2 | 17.72 | 163.94 | 181.66 | OK | |
r-devel-linux-x86_64-debian-gcc | 0.8.2 | 10.94 | 121.12 | 132.06 | OK | |
r-devel-linux-x86_64-fedora-clang | 0.8.2 | 217.80 | NOTE | |||
r-devel-linux-x86_64-fedora-gcc | 0.8.2 | 221.60 | NOTE | |||
r-devel-windows-x86_64 | 0.8.2 | 41.00 | 225.00 | 266.00 | OK | |
r-patched-linux-x86_64 | 0.8.2 | 13.20 | 165.95 | 179.15 | OK | |
r-release-linux-x86_64 | 0.8.2 | 13.24 | 167.13 | 180.37 | OK | |
r-release-macos-arm64 | 0.8.2 | 81.00 | NOTE | |||
r-release-macos-x86_64 | 0.8.2 | 96.00 | NOTE | |||
r-release-windows-x86_64 | 0.8.2 | 40.00 | 254.00 | 294.00 | OK | |
r-oldrel-macos-arm64 | 0.8.2 | 72.00 | NOTE | |||
r-oldrel-macos-x86_64 | 0.8.2 | 94.00 | NOTE | |||
r-oldrel-windows-ix86+x86_64 | 0.8.2 | 42.00 | 241.00 | 283.00 | OK |
Version: 0.8.2
Check: data for non-ASCII characters
Result: NOTE
Note: found 3 marked UTF-8 strings
Flavors: r-devel-linux-x86_64-fedora-clang, r-devel-linux-x86_64-fedora-gcc, r-release-macos-arm64, r-release-macos-x86_64, r-oldrel-macos-arm64, r-oldrel-macos-x86_64