Last updated on 2024-05-02 20:50:43 CEST.
Flavor | Version | Tinstall | Tcheck | Ttotal | Status | Flags |
---|---|---|---|---|---|---|
r-devel-linux-x86_64-debian-clang | 0.11.1 | 7.24 | 73.85 | 81.09 | NOTE | |
r-devel-linux-x86_64-debian-gcc | 0.11.1 | 6.84 | 54.29 | 61.13 | NOTE | |
r-devel-linux-x86_64-fedora-clang | 0.11.1 | 101.74 | NOTE | |||
r-devel-linux-x86_64-fedora-gcc | 0.11.1 | 120.25 | NOTE | |||
r-devel-windows-x86_64 | 0.11.1 | 8.00 | 96.00 | 104.00 | NOTE | |
r-patched-linux-x86_64 | 0.11.1 | 6.49 | 70.01 | 76.50 | NOTE | |
r-release-linux-x86_64 | 0.11.1 | 8.61 | 68.28 | 76.89 | NOTE | |
r-release-macos-arm64 | 0.11.1 | 46.00 | NOTE | |||
r-release-windows-x86_64 | 0.11.1 | 9.00 | 85.00 | 94.00 | NOTE | |
r-oldrel-macos-arm64 | 0.11.1 | 45.00 | OK | |||
r-oldrel-macos-x86_64 | 0.11.1 | 71.00 | OK | |||
r-oldrel-windows-x86_64 | 0.11.1 | 12.00 | 93.00 | 105.00 | OK |
Version: 0.11.1
Check: Rd files
Result: NOTE
checkRd: (-1) manipulateWidget.Rd:113-117: Lost braces in \itemize; meant \describe ?
checkRd: (-1) manipulateWidget.Rd:118-120: Lost braces in \itemize; meant \describe ?
checkRd: (-1) manipulateWidget.Rd:121-123: Lost braces in \itemize; meant \describe ?
checkRd: (-1) manipulateWidget.Rd:124-127: Lost braces in \itemize; meant \describe ?
Flavors: r-devel-linux-x86_64-debian-clang, r-devel-linux-x86_64-debian-gcc, r-devel-linux-x86_64-fedora-clang, r-devel-linux-x86_64-fedora-gcc, r-devel-windows-x86_64, r-patched-linux-x86_64, r-release-linux-x86_64, r-release-macos-arm64, r-release-windows-x86_64
Version: 0.11.1
Check: data for non-ASCII characters
Result: NOTE
Note: found 55 marked UTF-8 strings
Flavors: r-devel-linux-x86_64-fedora-clang, r-devel-linux-x86_64-fedora-gcc