Last updated on 2023-11-29 19:54:12 CET.
Flavor | Version | Tinstall | Tcheck | Ttotal | Status | Flags |
---|---|---|---|---|---|---|
r-devel-linux-x86_64-debian-clang | 1.5.0 | 11.30 | 76.45 | 87.75 | NOTE | |
r-devel-linux-x86_64-debian-gcc | 1.5.0 | 8.00 | 56.40 | 64.40 | NOTE | |
r-devel-linux-x86_64-fedora-clang | 1.5.0 | 107.76 | NOTE | |||
r-devel-linux-x86_64-fedora-gcc | 1.5.0 | 112.89 | NOTE | |||
r-devel-windows-x86_64 | 1.5.0 | 10.00 | 82.00 | 92.00 | NOTE | |
r-patched-linux-x86_64 | 1.5.0 | 15.57 | 71.50 | 87.07 | NOTE | |
r-release-linux-x86_64 | 1.5.0 | 6.38 | 71.08 | 77.46 | NOTE | |
r-release-macos-arm64 | 1.5.0 | 39.00 | NOTE | |||
r-release-macos-x86_64 | 1.5.0 | 60.00 | NOTE | |||
r-release-windows-x86_64 | 1.5.0 | 14.00 | 92.00 | 106.00 | NOTE | |
r-oldrel-macos-arm64 | 1.5.0 | 29.00 | NOTE | |||
r-oldrel-macos-x86_64 | 1.5.0 | 60.00 | NOTE | |||
r-oldrel-windows-x86_64 | 1.5.0 | 14.00 | 90.00 | 104.00 | NOTE |
Version: 1.5.0
Check: LazyData
Result: NOTE
'LazyData' is specified without a 'data' directory
Flavors: r-devel-linux-x86_64-debian-clang, r-devel-linux-x86_64-debian-gcc, r-devel-linux-x86_64-fedora-clang, r-devel-linux-x86_64-fedora-gcc, r-devel-windows-x86_64, r-patched-linux-x86_64, r-release-linux-x86_64, r-release-macos-arm64, r-release-macos-x86_64, r-release-windows-x86_64, r-oldrel-macos-arm64, r-oldrel-macos-x86_64, r-oldrel-windows-x86_64