Last updated on 2025-05-06 20:50:45 CEST.
Flavor | Version | Tinstall | Tcheck | Ttotal | Status | Flags |
---|---|---|---|---|---|---|
r-devel-linux-x86_64-debian-clang | 1.0.3 | 205.71 | 96.98 | 302.69 | NOTE | |
r-devel-linux-x86_64-debian-gcc | 1.0.3 | 145.60 | 68.51 | 214.11 | NOTE | |
r-devel-linux-x86_64-fedora-clang | 1.0.3 | 584.74 | OK | |||
r-devel-linux-x86_64-fedora-gcc | 1.0.3 | 639.23 | OK | |||
r-devel-windows-x86_64 | 1.0.3 | 231.00 | 136.00 | 367.00 | NOTE | |
r-patched-linux-x86_64 | 1.0.3 | 195.12 | 88.16 | 283.28 | NOTE | |
r-release-linux-x86_64 | 1.0.3 | 196.32 | 88.25 | 284.57 | NOTE | |
r-release-macos-arm64 | 1.0.3 | 112.00 | OK | |||
r-release-macos-x86_64 | 1.0.3 | 156.00 | OK | |||
r-release-windows-x86_64 | 1.0.3 | 240.00 | 143.00 | 383.00 | NOTE | |
r-oldrel-macos-arm64 | 1.0.3 | 121.00 | NOTE | |||
r-oldrel-macos-x86_64 | 1.0.3 | 128.00 | NOTE | |||
r-oldrel-windows-x86_64 | 1.0.3 | 275.00 | 172.00 | 447.00 | OK |
Version: 1.0.3
Check: Rd cross-references
Result: NOTE
Found the following Rd file(s) with Rd \link{} targets missing package
anchors:
as_tbl_graph.malan_pedigreelist.Rd: tbl_graph
get_nodes_edges.Rd: as_tbl_graph
Please provide package anchors for all Rd \link{} targets not in the
package itself and the base packages.
Flavors: r-devel-linux-x86_64-debian-clang, r-devel-linux-x86_64-debian-gcc, r-devel-windows-x86_64, r-patched-linux-x86_64, r-release-linux-x86_64, r-release-windows-x86_64
Version: 1.0.3
Check: installed package size
Result: NOTE
installed size is 10.5Mb
sub-directories of 1Mb or more:
libs 9.5Mb
Flavors: r-oldrel-macos-arm64, r-oldrel-macos-x86_64