CRAN Package Check Results for Package maic

Last updated on 2023-10-04 20:42:32 CEST.

Flavor Version Tinstall Tcheck Ttotal Status Flags
r-devel-linux-x86_64-debian-clang 0.1.4 2.89 44.05 46.94 NOTE
r-devel-linux-x86_64-debian-gcc 0.1.4 2.52 33.12 35.64 NOTE
r-devel-linux-x86_64-fedora-clang 0.1.4 57.75 NOTE
r-devel-linux-x86_64-fedora-gcc 0.1.4 55.44 NOTE
r-devel-windows-x86_64 0.1.4 6.00 59.00 65.00 NOTE
r-patched-linux-x86_64 0.1.4 11.66 41.67 53.33 NOTE
r-release-linux-x86_64 0.1.4 3.47 41.45 44.92 NOTE
r-release-macos-arm64 0.1.4 24.00 NOTE
r-release-macos-x86_64 0.1.4 31.00 NOTE
r-release-windows-x86_64 0.1.4 7.00 60.00 67.00 NOTE
r-oldrel-macos-arm64 0.1.4 23.00 OK
r-oldrel-macos-x86_64 0.1.4 30.00 OK
r-oldrel-windows-x86_64 0.1.4 6.00 64.00 70.00 OK

Check Details

Version: 0.1.4
Check: package subdirectories
Result: NOTE
    Problems with news in ‘NEWS.md’:
    No news entries found.
Flavors: r-devel-linux-x86_64-debian-clang, r-devel-linux-x86_64-debian-gcc, r-devel-linux-x86_64-fedora-clang, r-devel-linux-x86_64-fedora-gcc, r-devel-windows-x86_64, r-patched-linux-x86_64, r-release-linux-x86_64, r-release-macos-arm64, r-release-macos-x86_64, r-release-windows-x86_64