CRAN Package Check Results for Package maic

Last updated on 2022-09-27 21:53:53 CEST.

Flavor Version Tinstall Tcheck Ttotal Status Flags
r-devel-linux-x86_64-debian-clang 0.1.4 3.04 43.30 46.34 NOTE
r-devel-linux-x86_64-debian-gcc 0.1.4 2.67 33.47 36.14 NOTE
r-devel-linux-x86_64-fedora-clang 0.1.4 69.44 NOTE
r-devel-linux-x86_64-fedora-gcc 0.1.4 64.83 NOTE
r-devel-windows-x86_64 0.1.4 14.00 70.00 84.00 NOTE
r-patched-linux-x86_64 0.1.4 8.48 41.30 49.78 OK
r-release-linux-x86_64 0.1.4 3.03 41.66 44.69 OK
r-release-macos-arm64 0.1.4 23.00 OK
r-release-macos-x86_64 0.1.4 30.00 OK
r-release-windows-x86_64 0.1.4 11.00 71.00 82.00 OK
r-oldrel-macos-arm64 0.1.4 23.00 OK
r-oldrel-macos-x86_64 0.1.4 31.00 OK
r-oldrel-windows-ix86+x86_64 0.1.4 9.00 69.00 78.00 OK

Check Details

Version: 0.1.4
Check: package subdirectories
Result: NOTE
    Problems with news in 'NEWS.md':
    No news entries found.
Flavors: r-devel-linux-x86_64-debian-clang, r-devel-linux-x86_64-debian-gcc, r-devel-linux-x86_64-fedora-clang, r-devel-linux-x86_64-fedora-gcc, r-devel-windows-x86_64