Last updated on 2023-02-03 20:51:28 CET.
Flavor | Version | Tinstall | Tcheck | Ttotal | Status | Flags |
---|---|---|---|---|---|---|
r-devel-linux-x86_64-debian-clang | 1.0.2 | 2.78 | 82.00 | 84.78 | OK | |
r-devel-linux-x86_64-debian-gcc | 1.0.2 | 2.44 | 60.47 | 62.91 | OK | |
r-devel-linux-x86_64-fedora-clang | 1.0.2 | 100.48 | OK | |||
r-devel-linux-x86_64-fedora-gcc | 1.0.2 | 112.65 | OK | |||
r-devel-windows-x86_64 | 1.0.2 | 20.00 | 130.00 | 150.00 | OK | |
r-patched-linux-x86_64 | 1.0.2 | 3.30 | 77.83 | 81.13 | OK | |
r-release-linux-x86_64 | 1.0.2 | 3.04 | 76.29 | 79.33 | OK | |
r-release-macos-arm64 | 1.0.2 | 37.00 | OK | |||
r-release-macos-x86_64 | 1.0.2 | 40.00 | NOTE | |||
r-release-windows-x86_64 | 1.0.2 | 32.00 | 127.00 | 159.00 | OK | |
r-oldrel-macos-arm64 | 1.0.2 | 33.00 | OK | |||
r-oldrel-macos-x86_64 | 1.0.2 | 36.00 | NOTE | |||
r-oldrel-windows-ix86+x86_64 | 1.0.2 | 7.00 | 211.00 | 218.00 | OK |
Version: 1.0.2
Check: package dependencies
Result: NOTE
Package suggested but not available for checking: ‘dittoSeq’
Flavors: r-release-macos-x86_64, r-oldrel-macos-x86_64