CRAN Package Check Results for Package magmaR

Last updated on 2024-02-25 19:50:02 CET.

Flavor Version Tinstall Tcheck Ttotal Status Flags
r-devel-linux-x86_64-debian-clang 1.0.3 2.09 85.70 87.79 OK
r-devel-linux-x86_64-debian-gcc 1.0.3 1.96 65.13 67.09 OK
r-devel-linux-x86_64-fedora-clang 1.0.3 119.12 OK
r-devel-linux-x86_64-fedora-gcc 1.0.3 128.29 OK
r-devel-windows-x86_64 1.0.3 4.00 88.00 92.00 OK
r-patched-linux-x86_64 1.0.3 3.18 84.07 87.25 OK
r-release-linux-x86_64 1.0.3 3.15 84.01 87.16 OK
r-release-macos-arm64 1.0.3 58.00 NOTE
r-release-macos-x86_64 1.0.3 94.00 NOTE
r-release-windows-x86_64 1.0.3 4.00 102.00 106.00 OK
r-oldrel-macos-arm64 1.0.3 45.00 OK
r-oldrel-windows-x86_64 1.0.3 4.00 104.00 108.00 OK

Check Details

Version: 1.0.3
Check: package dependencies
Result: NOTE Package suggested but not available for checking: ‘dittoSeq’ Flavors: r-release-macos-arm64, r-release-macos-x86_64