Last updated on 2024-08-15 20:48:19 CEST.
Flavor | Version | Tinstall | Tcheck | Ttotal | Status | Flags |
---|---|---|---|---|---|---|
r-devel-linux-x86_64-debian-clang | 0.1.0 | 3.80 | 30.04 | 33.84 | OK | |
r-devel-linux-x86_64-debian-gcc | 0.1.0 | 3.40 | 23.63 | 27.03 | OK | |
r-devel-linux-x86_64-fedora-clang | 0.1.0 | 53.57 | NOTE | |||
r-devel-linux-x86_64-fedora-gcc | 0.1.0 | 51.33 | NOTE | |||
r-devel-windows-x86_64 | 0.1.0 | 7.00 | 49.00 | 56.00 | OK | |
r-patched-linux-x86_64 | 0.1.0 | 3.76 | 28.66 | 32.42 | OK | |
r-release-linux-x86_64 | 0.1.0 | 3.61 | 28.80 | 32.41 | OK | |
r-release-macos-arm64 | 0.1.0 | 22.00 | OK | |||
r-release-macos-x86_64 | 0.1.0 | 37.00 | OK | |||
r-release-windows-x86_64 | 0.1.0 | 6.00 | 50.00 | 56.00 | OK | |
r-oldrel-macos-arm64 | 0.1.0 | 18.00 | OK | |||
r-oldrel-macos-x86_64 | 0.1.0 | 24.00 | OK | |||
r-oldrel-windows-x86_64 | 0.1.0 | 7.00 | 53.00 | 60.00 | OK |
Version: 0.1.0
Check: dependencies in R code
Result: NOTE
Namespaces in Imports field not imported from:
‘rlang’ ‘torch’
All declared Imports should be used.
Flavors: r-devel-linux-x86_64-fedora-clang, r-devel-linux-x86_64-fedora-gcc