Last updated on 2024-04-18 21:56:56 CEST.
Flavor | Version | Tinstall | Tcheck | Ttotal | Status | Flags |
---|---|---|---|---|---|---|
r-devel-linux-x86_64-debian-clang | 0.2 | 1.50 | 29.54 | 31.04 | OK | |
r-devel-linux-x86_64-debian-gcc | 0.2 | 1.81 | 22.99 | 24.80 | OK | |
r-devel-linux-x86_64-fedora-clang | 0.2 | 41.02 | NOTE | |||
r-devel-linux-x86_64-fedora-gcc | 0.2 | 51.57 | NOTE | |||
r-prerel-macos-arm64 | 0.2 | 23.00 | OK | |||
r-prerel-windows-x86_64 | 0.2 | 3.00 | 47.00 | 50.00 | OK | |
r-patched-linux-x86_64 | 0.2 | 2.08 | 27.91 | 29.99 | OK | |
r-release-linux-x86_64 | 0.2 | 2.34 | 26.74 | 29.08 | OK | |
r-release-macos-arm64 | 0.2 | 24.00 | OK | |||
r-release-macos-x86_64 | 0.2 | 34.00 | OK | |||
r-release-windows-x86_64 | 0.2 | 3.00 | 43.00 | 46.00 | OK | |
r-oldrel-macos-arm64 | 0.2 | 34.00 | OK | |||
r-oldrel-windows-x86_64 | 0.2 | 3.00 | 48.00 | 51.00 | OK |
Version: 0.2
Check: data for non-ASCII characters
Result: NOTE
Note: found 134 marked UTF-8 strings
Flavors: r-devel-linux-x86_64-fedora-clang, r-devel-linux-x86_64-fedora-gcc