Last updated on 2025-05-03 21:51:23 CEST.
Flavor | Version | Tinstall | Tcheck | Ttotal | Status | Flags |
---|---|---|---|---|---|---|
r-devel-linux-x86_64-debian-clang | 0.4.0 | 18.57 | 123.06 | 141.63 | NOTE | |
r-devel-linux-x86_64-debian-gcc | 0.4.0 | 10.08 | 92.02 | 102.10 | NOTE | |
r-devel-linux-x86_64-fedora-clang | 0.4.0 | 221.56 | OK | |||
r-devel-linux-x86_64-fedora-gcc | 0.4.0 | 231.20 | OK | |||
r-devel-windows-x86_64 | 0.4.0 | 18.00 | 148.00 | 166.00 | NOTE | |
r-patched-linux-x86_64 | 0.4.0 | 17.49 | 116.94 | 134.43 | NOTE | |
r-release-linux-x86_64 | NOTE | |||||
r-release-macos-arm64 | 0.4.0 | 104.00 | OK | |||
r-release-macos-x86_64 | 0.4.0 | 158.00 | OK | |||
r-release-windows-x86_64 | 0.4.0 | 20.00 | 141.00 | 161.00 | NOTE | |
r-oldrel-macos-arm64 | 0.4.0 | 47.00 | OK | |||
r-oldrel-macos-x86_64 | 0.4.0 | 91.00 | OK | |||
r-oldrel-windows-x86_64 | 0.4.0 | 24.00 | 176.00 | 200.00 | OK |
Version: 0.4.0
Check: CRAN incoming feasibility
Result: NOTE
Maintainer: ‘Daniel Falbel <daniel@rstudio.com>’
The Description field contains
inspired by 'fastai' by Howard et al. (2020) <arXiv:2002.04688>,
Please refer to arXiv e-prints via their arXiv DOI <doi:10.48550/arXiv.YYMM.NNNNN>.
Flavors: r-devel-linux-x86_64-debian-clang, r-devel-linux-x86_64-debian-gcc
Version: 0.4.0
Check: Rd cross-references
Result: NOTE
Found the following Rd file(s) with Rd \link{} targets missing package
anchors:
evaluate.Rd: nn_module
fit.luz_module_generator.Rd: nn_module
luz_load_model_weights.Rd: torch_load
predict.luz_module_fitted.Rd: nn_module
Please provide package anchors for all Rd \link{} targets not in the
package itself and the base packages.
Flavors: r-devel-linux-x86_64-debian-clang, r-devel-linux-x86_64-debian-gcc, r-devel-windows-x86_64, r-patched-linux-x86_64, r-release-linux-x86_64, r-release-windows-x86_64