Last updated on 2024-04-17 20:57:39 CEST.
Flavor | Version | Tinstall | Tcheck | Ttotal | Status | Flags |
---|---|---|---|---|---|---|
r-devel-linux-x86_64-debian-clang | 2.2.2 | 8.15 | 352.16 | 360.31 | NOTE | |
r-devel-linux-x86_64-debian-gcc | 2.2.2 | 7.60 | 288.82 | 296.42 | NOTE | |
r-devel-linux-x86_64-fedora-clang | 2.2.2 | 442.11 | NOTE | |||
r-devel-linux-x86_64-fedora-gcc | 2.2.2 | 481.59 | NOTE | |||
r-prerel-macos-arm64 | 2.2.2 | 153.00 | NOTE | |||
r-prerel-windows-x86_64 | 2.2.2 | 8.00 | 357.00 | 365.00 | NOTE | |
r-patched-linux-x86_64 | 2.2.2 | 7.48 | 356.30 | 363.78 | NOTE | |
r-release-linux-x86_64 | 2.2.2 | 10.56 | 362.36 | 372.92 | OK | |
r-release-macos-arm64 | 2.2.2 | 170.00 | OK | |||
r-release-macos-x86_64 | 2.2.2 | 345.00 | OK | |||
r-release-windows-x86_64 | 2.2.2 | 10.00 | 411.00 | 421.00 | OK | |
r-oldrel-macos-arm64 | 2.2.2 | 159.00 | OK | |||
r-oldrel-windows-x86_64 | 2.2.2 | 11.00 | 413.00 | 424.00 | OK |
Version: 2.2.2
Check: Rd files
Result: NOTE
checkRd: (-1) qut.Rd:16: Lost braces; missing escapes or markup?
16 | \item{q}{A number between \code{0} and \code{1}. The quantile of the distribution of $lambda_{QUT}$ to take.}
| ^
checkRd: (-1) qut.Rd:25: Lost braces; missing escapes or markup?
25 | the value of $lambda_{QUT}$ to use in LoRI.
| ^
Flavors: r-devel-linux-x86_64-debian-clang, r-devel-linux-x86_64-debian-gcc, r-devel-linux-x86_64-fedora-clang, r-devel-linux-x86_64-fedora-gcc, r-prerel-macos-arm64, r-prerel-windows-x86_64, r-patched-linux-x86_64