Last updated on 2025-11-02 23:49:42 CET.
| Flavor | Version | Tinstall | Tcheck | Ttotal | Status | Flags |
|---|---|---|---|---|---|---|
| r-devel-linux-x86_64-debian-clang | 0.1.4 | 9.78 | 130.60 | 140.38 | NOTE | |
| r-devel-linux-x86_64-debian-gcc | 0.1.4 | 9.11 | 98.57 | 107.68 | NOTE | |
| r-devel-linux-x86_64-fedora-clang | 0.1.4 | 25.00 | 204.65 | 229.65 | OK | |
| r-devel-linux-x86_64-fedora-gcc | 0.1.4 | 90.00 | 179.13 | 269.13 | OK | |
| r-devel-windows-x86_64 | 0.1.4 | 12.00 | 164.00 | 176.00 | NOTE | |
| r-patched-linux-x86_64 | 0.1.4 | 9.88 | 127.21 | 137.09 | NOTE | |
| r-release-linux-x86_64 | 0.1.4 | 10.09 | 119.65 | 129.74 | NOTE | |
| r-release-macos-arm64 | 0.1.4 | 8.00 | 98.00 | 106.00 | OK | |
| r-release-macos-x86_64 | 0.1.4 | 10.00 | 145.00 | 155.00 | OK | |
| r-release-windows-x86_64 | 0.1.4 | 12.00 | 154.00 | 166.00 | NOTE | |
| r-oldrel-macos-arm64 | 0.1.4 | 8.00 | 100.00 | 108.00 | OK | |
| r-oldrel-macos-x86_64 | 0.1.4 | 10.00 | 150.00 | 160.00 | OK | |
| r-oldrel-windows-x86_64 | 0.1.4 | 14.00 | 155.00 | 169.00 | OK |
Version: 0.1.4
Check: Rd cross-references
Result: NOTE
Found the following Rd file(s) with Rd \link{} targets missing package
anchors:
l_tour.Rd: grand_tour, dependence_tour, frozen_tour, guided_tour,
planned_tour
tour_pairs.Rd: l_pairs
Please provide package anchors for all Rd \link{} targets not in the
package itself and the base packages.
Flavors: r-devel-linux-x86_64-debian-clang, r-devel-linux-x86_64-debian-gcc, r-devel-windows-x86_64, r-patched-linux-x86_64, r-release-linux-x86_64, r-release-windows-x86_64