Last updated on 2024-03-28 19:48:36 CET.
Flavor | Version | Tinstall | Tcheck | Ttotal | Status | Flags |
---|---|---|---|---|---|---|
r-devel-linux-x86_64-debian-clang | 1.0.3 | 35.30 | 228.68 | 263.98 | NOTE | |
r-devel-linux-x86_64-debian-gcc | 1.0.3 | 24.81 | 166.57 | 191.38 | NOTE | |
r-devel-linux-x86_64-fedora-clang | 1.0.3 | 322.74 | NOTE | |||
r-devel-linux-x86_64-fedora-gcc | 1.0.3 | 334.47 | NOTE | |||
r-devel-windows-x86_64 | 1.0.3 | 21.00 | 180.00 | 201.00 | NOTE | |
r-patched-linux-x86_64 | 1.0.3 | 32.32 | 223.11 | 255.43 | NOTE | |
r-release-linux-x86_64 | 1.0.3 | 18.17 | 195.18 | 213.35 | OK | |
r-release-macos-arm64 | 1.0.3 | 93.00 | OK | |||
r-release-macos-x86_64 | 1.0.3 | 189.00 | OK | |||
r-release-windows-x86_64 | 1.0.3 | 26.00 | 193.00 | 219.00 | OK | |
r-oldrel-macos-arm64 | 1.0.3 | 104.00 | OK | |||
r-oldrel-windows-x86_64 | 1.0.3 | 28.00 | 205.00 | 233.00 | OK |
Version: 1.0.3
Check: Rd files
Result: NOTE
checkRd: (-1) loon.shiny.Rd:93-102: Lost braces in \itemize; meant \describe ?
checkRd: (-1) loon.shiny.Rd:95-96: Lost braces in \itemize; meant \describe ?
checkRd: (-1) loon.shiny.Rd:97: Lost braces in \itemize; meant \describe ?
checkRd: (-1) loon.shiny.Rd:98-100: Lost braces in \itemize; meant \describe ?
checkRd: (-1) loon.shiny.Rd:103-108: Lost braces in \itemize; meant \describe ?
checkRd: (-1) loon.shiny.Rd:105: Lost braces in \itemize; meant \describe ?
checkRd: (-1) loon.shiny.Rd:106: Lost braces in \itemize; meant \describe ?
Flavors: r-devel-linux-x86_64-debian-clang, r-devel-linux-x86_64-debian-gcc, r-devel-linux-x86_64-fedora-clang, r-devel-linux-x86_64-fedora-gcc, r-devel-windows-x86_64, r-patched-linux-x86_64