Last updated on 2024-04-24 20:54:11 CEST.
Flavor | Version | Tinstall | Tcheck | Ttotal | Status | Flags |
---|---|---|---|---|---|---|
r-devel-linux-x86_64-debian-clang | 1.0 | 15.00 | 145.61 | 160.61 | OK | |
r-devel-linux-x86_64-debian-gcc | 1.0 | 13.38 | 107.45 | 120.83 | OK | |
r-devel-linux-x86_64-fedora-clang | 1.0 | 208.39 | NOTE | |||
r-devel-linux-x86_64-fedora-gcc | 1.0 | 190.23 | OK | |||
r-devel-windows-x86_64 | 1.0 | 16.00 | 113.00 | 129.00 | OK | |
r-patched-linux-x86_64 | 1.0 | 15.23 | 138.07 | 153.30 | OK | |
r-release-linux-x86_64 | 1.0 | 19.50 | 143.60 | 163.10 | OK | |
r-release-macos-arm64 | 1.0 | 61.00 | OK | |||
r-release-windows-x86_64 | 1.0 | 15.00 | 117.00 | 132.00 | OK | |
r-oldrel-macos-arm64 | 1.0 | 57.00 | OK | |||
r-oldrel-macos-x86_64 | 1.0 | 80.00 | OK | |||
r-oldrel-windows-x86_64 | 1.0 | 22.00 | 139.00 | 161.00 | OK |
Version: 1.0
Check: package dependencies
Result: NOTE
Imports includes 21 non-default packages.
Importing from so many packages makes the package vulnerable to any of
them becoming unavailable. Move as many as possible to Suggests and
use conditionally.
Flavor: r-devel-linux-x86_64-fedora-clang