Last updated on 2025-11-03 21:50:26 CET.
| Flavor | Version | Tinstall | Tcheck | Ttotal | Status | Flags | 
|---|---|---|---|---|---|---|
| r-devel-linux-x86_64-debian-clang | 1.0-7 | 12.91 | 106.83 | 119.74 | NOTE | |
| r-devel-linux-x86_64-debian-gcc | 1.0-7 | 7.54 | 78.72 | 86.26 | NOTE | |
| r-devel-linux-x86_64-fedora-clang | 1.0-7 | 30.00 | 157.57 | 187.57 | OK | |
| r-devel-linux-x86_64-fedora-gcc | 1.0-7 | 27.00 | 147.48 | 174.48 | OK | |
| r-devel-windows-x86_64 | 1.0-7 | 15.00 | 104.00 | 119.00 | OK | |
| r-patched-linux-x86_64 | 1.0-7 | 11.37 | 101.47 | 112.84 | OK | |
| r-release-linux-x86_64 | 1.0-7 | 11.28 | 102.96 | 114.24 | OK | |
| r-release-macos-arm64 | 1.0-7 | 6.00 | 41.00 | 47.00 | OK | |
| r-release-macos-x86_64 | 1.0-7 | 11.00 | 72.00 | 83.00 | OK | |
| r-release-windows-x86_64 | 1.0-7 | 15.00 | 101.00 | 116.00 | OK | |
| r-oldrel-macos-arm64 | 1.0-7 | 6.00 | 46.00 | 52.00 | OK | |
| r-oldrel-macos-x86_64 | 1.0-7 | 8.00 | 58.00 | 66.00 | OK | |
| r-oldrel-windows-x86_64 | 1.0-7 | 20.00 | 138.00 | 158.00 | OK | 
Version: 1.0-7
Check: CRAN incoming feasibility
Result: NOTE
  Maintainer: ‘Ilja M. Nolte <i.m.nolte@umcg.nl>’
  
  No Authors@R field in DESCRIPTION.
  Please add one, modifying
    Authors@R: c(person(given = "Ahmad",
                        family = "Vaez",
                        role = "aut"),
                 person(given = c("Ilja", "M."),
                        family = "Nolte",
                        role = c("aut", "cre"),
                        email = "i.m.nolte@umcg.nl"),
                 person(given = c("Peter", "J."),
                        family = "van der Most",
                        role = "aut"))
  as necessary.
  
  Package CITATION file contains call(s) to old-style citEntry().  Please
  use bibentry() instead.
Flavors: r-devel-linux-x86_64-debian-clang, r-devel-linux-x86_64-debian-gcc